Last updated on 2022-08-15 08:50:00 CEST.
Flavor | Version | Tinstall | Tcheck | Ttotal | Status | Flags |
---|---|---|---|---|---|---|
r-devel-linux-x86_64-debian-clang | 1.0 | 5.55 | 56.41 | 61.96 | NOTE | |
r-devel-linux-x86_64-debian-gcc | 1.0 | 4.59 | 43.29 | 47.88 | NOTE | |
r-devel-linux-x86_64-fedora-clang | 1.0 | 84.96 | NOTE | |||
r-devel-linux-x86_64-fedora-gcc | 1.0 | 81.07 | NOTE | |||
r-devel-windows-x86_64 | 1.0 | 18.00 | 80.00 | 98.00 | NOTE | |
r-patched-linux-x86_64 | 1.0 | 5.15 | 52.05 | 57.20 | NOTE | |
r-release-linux-x86_64 | 1.0 | 4.43 | 52.20 | 56.63 | NOTE | |
r-release-macos-arm64 | 1.0 | 25.00 | NOTE | |||
r-release-macos-x86_64 | 1.0 | 45.00 | NOTE | |||
r-release-windows-x86_64 | 1.0 | 15.00 | 82.00 | 97.00 | NOTE | |
r-oldrel-macos-arm64 | 1.0 | 32.00 | NOTE | |||
r-oldrel-macos-x86_64 | 1.0 | 38.00 | NOTE | |||
r-oldrel-windows-ix86+x86_64 | 1.0 | 14.00 | 76.00 | 90.00 | NOTE |
Version: 1.0
Check: LazyData
Result: NOTE
'LazyData' is specified without a 'data' directory
Flavors: r-devel-linux-x86_64-debian-clang, r-devel-linux-x86_64-debian-gcc, r-devel-linux-x86_64-fedora-clang, r-devel-linux-x86_64-fedora-gcc, r-devel-windows-x86_64, r-patched-linux-x86_64, r-release-linux-x86_64, r-release-macos-arm64, r-release-macos-x86_64, r-release-windows-x86_64, r-oldrel-macos-arm64, r-oldrel-macos-x86_64, r-oldrel-windows-ix86+x86_64