Last updated on 2022-08-15 08:50:00 CEST.
Flavor | Version | Tinstall | Tcheck | Ttotal | Status | Flags |
---|---|---|---|---|---|---|
r-devel-linux-x86_64-debian-clang | 1.2.0 | 102.43 | 368.30 | 470.73 | OK | |
r-devel-linux-x86_64-debian-gcc | 1.2.0 | 86.03 | 275.78 | 361.81 | OK | |
r-devel-linux-x86_64-fedora-clang | 1.2.0 | 591.18 | OK | |||
r-devel-linux-x86_64-fedora-gcc | 1.2.0 | 583.63 | OK | |||
r-devel-windows-x86_64 | 1.2.0 | 118.00 | 387.00 | 505.00 | NOTE | |
r-patched-linux-x86_64 | 1.2.0 | 100.74 | 348.18 | 448.92 | OK | |
r-release-linux-x86_64 | 1.2.0 | 90.66 | 348.26 | 438.92 | OK | |
r-release-macos-arm64 | 1.2.0 | 7.00 | ERROR | |||
r-release-macos-x86_64 | 1.2.0 | 198.00 | NOTE | |||
r-release-windows-x86_64 | 1.2.0 | 117.00 | 390.00 | 507.00 | NOTE | |
r-oldrel-macos-arm64 | 1.2.0 | 142.00 | NOTE | |||
r-oldrel-macos-x86_64 | 1.2.0 | 184.00 | NOTE | |||
r-oldrel-windows-ix86+x86_64 | 1.2.0 | 260.00 | 543.00 | 803.00 | NOTE |
Version: 1.2.0
Check: package dependencies
Result: NOTE
Package suggested but not available for checking: 'doMC'
Flavors: r-devel-windows-x86_64, r-release-windows-x86_64, r-oldrel-windows-ix86+x86_64
Version: 1.2.0
Check: package dependencies
Result: ERROR
Packages required but not available: 'SeqArray', 'GMMAT'
See section ‘The DESCRIPTION file’ in the ‘Writing R Extensions’
manual.
Flavor: r-release-macos-arm64
Version: 1.2.0
Check: installed package size
Result: NOTE
installed size is 7.9Mb
sub-directories of 1Mb or more:
data 1.1Mb
libs 5.6Mb
Flavors: r-release-macos-x86_64, r-oldrel-macos-arm64, r-oldrel-macos-x86_64, r-oldrel-windows-ix86+x86_64