Last updated on 2022-08-15 08:50:00 CEST.
Flavor | Version | Tinstall | Tcheck | Ttotal | Status | Flags |
---|---|---|---|---|---|---|
r-devel-linux-x86_64-debian-clang | 2.0.0 | 5.10 | 41.62 | 46.72 | OK | |
r-devel-linux-x86_64-debian-gcc | 2.0.0 | 5.23 | 32.04 | 37.27 | OK | |
r-devel-linux-x86_64-fedora-clang | 2.0.0 | 68.49 | NOTE | |||
r-devel-linux-x86_64-fedora-gcc | 2.0.0 | 67.51 | NOTE | |||
r-devel-windows-x86_64 | 2.0.0 | 13.00 | 65.00 | 78.00 | OK | |
r-patched-linux-x86_64 | 2.0.0 | 5.79 | 41.01 | 46.80 | OK | |
r-release-linux-x86_64 | 2.0.0 | 5.11 | 40.00 | 45.11 | OK | |
r-release-macos-arm64 | 2.0.0 | 23.00 | OK | |||
r-release-macos-x86_64 | 2.0.0 | 29.00 | OK | |||
r-release-windows-x86_64 | 2.0.0 | 13.00 | 64.00 | 77.00 | OK | |
r-oldrel-macos-arm64 | 2.0.0 | 24.00 | OK | |||
r-oldrel-macos-x86_64 | 2.0.0 | 29.00 | OK | |||
r-oldrel-windows-ix86+x86_64 | 2.0.0 | 15.00 | 72.00 | 87.00 | OK |
Version: 2.0.0
Check: compiled code
Result: NOTE
File ‘MAMS/libs/MAMS.so’:
Found no calls to: ‘R_registerRoutines’, ‘R_useDynamicSymbols’
It is good practice to register native routines and to disable symbol
search.
See ‘Writing portable packages’ in the ‘Writing R Extensions’ manual.
Flavors: r-devel-linux-x86_64-fedora-clang, r-devel-linux-x86_64-fedora-gcc