Last updated on 2022-08-15 08:50:00 CEST.
Flavor | Version | Tinstall | Tcheck | Ttotal | Status | Flags |
---|---|---|---|---|---|---|
r-devel-linux-x86_64-debian-clang | 0.1.3 | 9.78 | 79.64 | 89.42 | NOTE | |
r-devel-linux-x86_64-debian-gcc | 0.1.3 | 7.75 | 61.80 | 69.55 | NOTE | |
r-devel-linux-x86_64-fedora-clang | 0.1.3 | 118.04 | NOTE | |||
r-devel-linux-x86_64-fedora-gcc | 0.1.3 | 119.06 | NOTE | |||
r-devel-windows-x86_64 | 0.1.3 | 12.00 | 97.00 | 109.00 | NOTE | |
r-patched-linux-x86_64 | 0.1.3 | 9.92 | 77.66 | 87.58 | NOTE | |
r-release-linux-x86_64 | 0.1.3 | 9.61 | 77.42 | 87.03 | NOTE | |
r-release-macos-arm64 | 0.1.3 | 35.00 | NOTE | |||
r-release-macos-x86_64 | 0.1.3 | 45.00 | NOTE | |||
r-release-windows-x86_64 | 0.1.3 | 12.00 | 100.00 | 112.00 | NOTE | |
r-oldrel-macos-arm64 | 0.1.3 | 40.00 | NOTE | |||
r-oldrel-macos-x86_64 | 0.1.3 | 66.00 | NOTE | |||
r-oldrel-windows-ix86+x86_64 | 0.1.3 | 20.00 | 106.00 | 126.00 | NOTE |
Version: 0.1.3
Check: LazyData
Result: NOTE
'LazyData' is specified without a 'data' directory
Flavors: r-devel-linux-x86_64-debian-clang, r-devel-linux-x86_64-debian-gcc, r-devel-linux-x86_64-fedora-clang, r-devel-linux-x86_64-fedora-gcc, r-devel-windows-x86_64, r-patched-linux-x86_64, r-release-linux-x86_64, r-release-macos-arm64, r-release-macos-x86_64, r-release-windows-x86_64, r-oldrel-macos-arm64, r-oldrel-macos-x86_64, r-oldrel-windows-ix86+x86_64