Last updated on 2022-08-15 08:50:00 CEST.
Flavor | Version | Tinstall | Tcheck | Ttotal | Status | Flags |
---|---|---|---|---|---|---|
r-devel-linux-x86_64-debian-clang | 0.1.1 | 4.99 | 57.99 | 62.98 | OK | |
r-devel-linux-x86_64-debian-gcc | 0.1.1 | 3.62 | 43.71 | 47.33 | OK | |
r-devel-linux-x86_64-fedora-clang | 0.1.1 | 83.64 | NOTE | |||
r-devel-linux-x86_64-fedora-gcc | 0.1.1 | 83.20 | NOTE | |||
r-devel-windows-x86_64 | 0.1.1 | 17.00 | 82.00 | 99.00 | OK | |
r-patched-linux-x86_64 | 0.1.1 | 4.18 | 55.23 | 59.41 | OK | |
r-release-linux-x86_64 | 0.1.1 | 4.62 | 55.78 | 60.40 | OK | |
r-release-macos-arm64 | 0.1.1 | 27.00 | NOTE | |||
r-release-macos-x86_64 | 0.1.1 | 37.00 | NOTE | |||
r-release-windows-x86_64 | 0.1.1 | 20.00 | 85.00 | 105.00 | OK | |
r-oldrel-macos-arm64 | 0.1.1 | 30.00 | NOTE | |||
r-oldrel-macos-x86_64 | 0.1.1 | 50.00 | NOTE | |||
r-oldrel-windows-ix86+x86_64 | 0.1.1 | 10.00 | 85.00 | 95.00 | OK |
Version: 0.1.1
Check: data for non-ASCII characters
Result: NOTE
Note: found 66 marked UTF-8 strings
Flavors: r-devel-linux-x86_64-fedora-clang, r-devel-linux-x86_64-fedora-gcc, r-release-macos-arm64, r-release-macos-x86_64, r-oldrel-macos-arm64, r-oldrel-macos-x86_64