Last updated on 2022-08-15 08:50:00 CEST.
Flavor | Version | Tinstall | Tcheck | Ttotal | Status | Flags |
---|---|---|---|---|---|---|
r-devel-linux-x86_64-debian-clang | 1.1 | 8.05 | 95.15 | 103.20 | OK | |
r-devel-linux-x86_64-debian-gcc | 1.1 | 5.51 | 69.82 | 75.33 | OK | |
r-devel-linux-x86_64-fedora-clang | 1.1 | 131.74 | NOTE | |||
r-devel-linux-x86_64-fedora-gcc | 1.1 | 131.90 | OK | |||
r-devel-windows-x86_64 | 1.1 | 31.00 | 153.00 | 184.00 | NOTE | |
r-patched-linux-x86_64 | 1.1 | 6.42 | 90.63 | 97.05 | OK | |
r-release-linux-x86_64 | 1.1 | 7.11 | 89.04 | 96.15 | OK | |
r-release-macos-arm64 | 1.1 | 57.00 | NOTE | |||
r-release-macos-x86_64 | 1.1 | 81.00 | NOTE | |||
r-release-windows-x86_64 | 1.1 | 34.00 | 287.00 | 321.00 | NOTE | |
r-oldrel-macos-arm64 | 1.1 | 48.00 | NOTE | |||
r-oldrel-macos-x86_64 | 1.1 | 111.00 | NOTE | |||
r-oldrel-windows-ix86+x86_64 | 1.1 | 16.00 | 137.00 | 153.00 | NOTE |
Version: 1.1
Check: installed package size
Result: NOTE
installed size is 7.4Mb
sub-directories of 1Mb or more:
doc 6.8Mb
Flavors: r-devel-linux-x86_64-fedora-clang, r-devel-windows-x86_64, r-release-macos-arm64, r-release-macos-x86_64, r-release-windows-x86_64, r-oldrel-macos-arm64, r-oldrel-macos-x86_64, r-oldrel-windows-ix86+x86_64