Last updated on 2022-08-15 08:50:01 CEST.
Flavor | Version | Tinstall | Tcheck | Ttotal | Status | Flags |
---|---|---|---|---|---|---|
r-devel-linux-x86_64-debian-clang | 0.9-3 | 7.33 | 50.98 | 58.31 | NOTE | |
r-devel-linux-x86_64-debian-gcc | 0.9-3 | 5.78 | 37.78 | 43.56 | NOTE | |
r-devel-linux-x86_64-fedora-clang | 0.9-3 | 76.65 | NOTE | |||
r-devel-linux-x86_64-fedora-gcc | 0.9-3 | 76.50 | NOTE | |||
r-devel-windows-x86_64 | 0.9-3 | 18.00 | 83.00 | 101.00 | NOTE | |
r-patched-linux-x86_64 | 0.9-3 | 7.15 | 46.07 | 53.22 | OK | |
r-release-linux-x86_64 | 0.9-3 | 6.46 | 46.80 | 53.26 | OK | |
r-release-macos-arm64 | 0.9-3 | 24.00 | OK | |||
r-release-macos-x86_64 | 0.9-3 | 39.00 | OK | |||
r-release-windows-x86_64 | 0.9-3 | 26.00 | 90.00 | 116.00 | OK | |
r-oldrel-macos-arm64 | 0.9-3 | 26.00 | OK | |||
r-oldrel-macos-x86_64 | 0.9-3 | 36.00 | OK | |||
r-oldrel-windows-ix86+x86_64 | 0.9-3 | 19.00 | 79.00 | 98.00 | OK |
Version: 0.9-3
Check: Rd files
Result: NOTE
checkRd: (-1) Soybean.Rd:15: Escaped LaTeX specials: \#
checkRd: (-1) Soybean.Rd:33: Escaped LaTeX specials: \#
Flavors: r-devel-linux-x86_64-debian-clang, r-devel-linux-x86_64-debian-gcc, r-devel-linux-x86_64-fedora-clang, r-devel-linux-x86_64-fedora-gcc, r-devel-windows-x86_64