Last updated on 2022-08-15 08:50:01 CEST.
Flavor | Version | Tinstall | Tcheck | Ttotal | Status | Flags |
---|---|---|---|---|---|---|
r-devel-linux-x86_64-debian-clang | 0.1.0 | 7.15 | 63.54 | 70.69 | OK | |
r-devel-linux-x86_64-debian-gcc | 0.1.0 | 6.27 | 48.26 | 54.53 | OK | |
r-devel-linux-x86_64-fedora-clang | 0.1.0 | 95.40 | NOTE | |||
r-devel-linux-x86_64-fedora-gcc | 0.1.0 | 95.59 | NOTE | |||
r-devel-windows-x86_64 | 0.1.0 | 15.00 | 85.00 | 100.00 | OK | |
r-patched-linux-x86_64 | 0.1.0 | 8.38 | 61.56 | 69.94 | OK | |
r-release-linux-x86_64 | 0.1.0 | 8.07 | 61.26 | 69.33 | OK | |
r-release-macos-arm64 | 0.1.0 | 32.00 | NOTE | |||
r-release-macos-x86_64 | 0.1.0 | 41.00 | NOTE | |||
r-release-windows-x86_64 | 0.1.0 | 18.00 | 87.00 | 105.00 | OK | |
r-oldrel-macos-arm64 | 0.1.0 | 34.00 | NOTE | |||
r-oldrel-macos-x86_64 | 0.1.0 | 46.00 | NOTE | |||
r-oldrel-windows-ix86+x86_64 | 0.1.0 | 18.00 | 82.00 | 100.00 | OK |
Version: 0.1.0
Check: dependencies in R code
Result: NOTE
Namespaces in Imports field not imported from:
‘stats’ ‘utils’
All declared Imports should be used.
Flavors: r-devel-linux-x86_64-fedora-clang, r-devel-linux-x86_64-fedora-gcc, r-release-macos-arm64, r-release-macos-x86_64, r-oldrel-macos-arm64, r-oldrel-macos-x86_64