Last updated on 2022-08-15 08:50:01 CEST.
Flavor | Version | Tinstall | Tcheck | Ttotal | Status | Flags |
---|---|---|---|---|---|---|
r-devel-linux-x86_64-debian-clang | 0.3 | 4.42 | 39.99 | 44.41 | OK | |
r-devel-linux-x86_64-debian-gcc | 0.3 | 3.20 | 29.62 | 32.82 | OK | |
r-devel-linux-x86_64-fedora-clang | 0.3 | 63.19 | NOTE | |||
r-devel-linux-x86_64-fedora-gcc | 0.3 | 62.35 | OK | |||
r-devel-windows-x86_64 | 0.3 | 24.00 | 63.00 | 87.00 | OK | |
r-patched-linux-x86_64 | 0.3 | 4.65 | 38.35 | 43.00 | OK | |
r-release-linux-x86_64 | 0.3 | 5.42 | 38.02 | 43.44 | OK | |
r-release-macos-arm64 | 0.3 | 20.00 | OK | |||
r-release-macos-x86_64 | 0.3 | 27.00 | OK | |||
r-release-windows-x86_64 | 0.3 | 26.00 | 63.00 | 89.00 | OK | |
r-oldrel-macos-arm64 | 0.3 | 26.00 | OK | |||
r-oldrel-macos-x86_64 | 0.3 | 35.00 | OK | |||
r-oldrel-windows-ix86+x86_64 | 0.3 | 9.00 | 59.00 | 68.00 | OK |
Version: 0.3
Check: Rd cross-references
Result: NOTE
Undeclared package ‘rms’ in Rd xrefs
Flavor: r-devel-linux-x86_64-fedora-clang