Last updated on 2022-08-15 08:50:01 CEST.
Flavor | Version | Tinstall | Tcheck | Ttotal | Status | Flags |
---|---|---|---|---|---|---|
r-devel-linux-x86_64-debian-clang | 0.6 | 9.35 | 139.71 | 149.06 | NOTE | |
r-devel-linux-x86_64-debian-gcc | 0.6 | 8.07 | 99.56 | 107.63 | NOTE | |
r-devel-linux-x86_64-fedora-clang | 0.6 | 181.38 | NOTE | |||
r-devel-linux-x86_64-fedora-gcc | 0.6 | 180.77 | NOTE | |||
r-devel-windows-x86_64 | 0.6 | 19.00 | 158.00 | 177.00 | NOTE | |
r-patched-linux-x86_64 | 0.6 | 7.16 | 128.66 | 135.82 | OK | |
r-release-linux-x86_64 | 0.6 | 8.46 | 128.72 | 137.18 | OK | |
r-release-macos-arm64 | 0.6 | 48.00 | OK | |||
r-release-macos-x86_64 | 0.6 | 78.00 | OK | |||
r-release-windows-x86_64 | 0.6 | 20.00 | 156.00 | 176.00 | OK | |
r-oldrel-macos-arm64 | 0.6 | 67.00 | OK | |||
r-oldrel-macos-x86_64 | 0.6 | 92.00 | OK | |||
r-oldrel-windows-ix86+x86_64 | 0.6 | 20.00 | 161.00 | 181.00 | OK |
Version: 0.6
Check: Rd files
Result: NOTE
checkRd: (-1) mi.t.test.Rd:74: Escaped LaTeX specials: \&
checkRd: (-1) rm.oneway.test.Rd:35: Escaped LaTeX specials: \&
checkRd: (-1) rm.oneway.test.Rd:41: Escaped LaTeX specials: \&
checkRd: (-1) rm.oneway.test.Rd:48: Escaped LaTeX specials: \&
Flavors: r-devel-linux-x86_64-debian-clang, r-devel-linux-x86_64-debian-gcc, r-devel-linux-x86_64-fedora-clang, r-devel-linux-x86_64-fedora-gcc, r-devel-windows-x86_64
Version: 0.6
Check: Rd cross-references
Result: NOTE
Undeclared package ‘Hmisc’ in Rd xrefs
Flavor: r-devel-linux-x86_64-fedora-clang