Last updated on 2022-08-15 08:50:01 CEST.
Flavor | Version | Tinstall | Tcheck | Ttotal | Status | Flags |
---|---|---|---|---|---|---|
r-devel-linux-x86_64-debian-clang | 0.5 | 15.26 | 170.27 | 185.53 | NOTE | |
r-devel-linux-x86_64-debian-gcc | 0.5 | 12.98 | 126.22 | 139.20 | NOTE | |
r-devel-linux-x86_64-fedora-clang | 0.5 | 229.92 | NOTE | |||
r-devel-linux-x86_64-fedora-gcc | 0.5 | 227.99 | NOTE | |||
r-devel-windows-x86_64 | 0.5 | 21.00 | 210.00 | 231.00 | NOTE | |
r-patched-linux-x86_64 | 0.5 | 14.79 | 159.80 | 174.59 | OK | |
r-release-linux-x86_64 | 0.5 | 9.99 | 160.15 | 170.14 | OK | |
r-release-macos-arm64 | 0.5 | 63.00 | OK | |||
r-release-macos-x86_64 | 0.5 | 109.00 | OK | |||
r-release-windows-x86_64 | 0.5 | 27.00 | 198.00 | 225.00 | OK | |
r-oldrel-macos-arm64 | 0.5 | 75.00 | OK | |||
r-oldrel-macos-x86_64 | 0.5 | 120.00 | OK | |||
r-oldrel-windows-ix86+x86_64 | 0.5 | 32.00 | 190.00 | 222.00 | OK |
Version: 0.5
Check: Rd files
Result: NOTE
checkRd: (-1) ssize.propCI.Rd:38: Escaped LaTeX specials: \&
Flavors: r-devel-linux-x86_64-debian-clang, r-devel-linux-x86_64-debian-gcc, r-devel-linux-x86_64-fedora-clang, r-devel-linux-x86_64-fedora-gcc, r-devel-windows-x86_64