Last updated on 2022-08-15 08:50:01 CEST.
Flavor | Version | Tinstall | Tcheck | Ttotal | Status | Flags |
---|---|---|---|---|---|---|
r-devel-linux-x86_64-debian-clang | 0.4.901 | 3.38 | 59.12 | 62.50 | NOTE | |
r-devel-linux-x86_64-debian-gcc | 0.4.901 | 2.93 | 44.17 | 47.10 | NOTE | |
r-devel-linux-x86_64-fedora-clang | 0.4.901 | 84.25 | NOTE | |||
r-devel-linux-x86_64-fedora-gcc | 0.4.901 | 85.11 | NOTE | |||
r-devel-windows-x86_64 | 0.4.901 | 22.00 | 111.00 | 133.00 | NOTE | |
r-patched-linux-x86_64 | 0.4.901 | 4.03 | 55.35 | 59.38 | OK | |
r-release-linux-x86_64 | 0.4.901 | 3.09 | 56.13 | 59.22 | OK | |
r-release-macos-arm64 | 0.4.901 | 30.00 | OK | |||
r-release-macos-x86_64 | 0.4.901 | 42.00 | OK | |||
r-release-windows-x86_64 | 0.4.901 | 25.00 | 108.00 | 133.00 | OK | |
r-oldrel-macos-arm64 | 0.4.901 | 28.00 | OK | |||
r-oldrel-macos-x86_64 | 0.4.901 | 39.00 | OK | |||
r-oldrel-windows-ix86+x86_64 | 0.4.901 | 7.00 | 90.00 | 97.00 | OK |
Version: 0.4.901
Check: Rd files
Result: NOTE
checkRd: (-1) AutumnLab.Rd:27: Escaped LaTeX specials: \&
checkRd: (-1) binom.diagnostics.Rd:34: Escaped LaTeX specials: \&
Flavors: r-devel-linux-x86_64-debian-clang, r-devel-linux-x86_64-debian-gcc, r-devel-linux-x86_64-fedora-clang, r-devel-linux-x86_64-fedora-gcc, r-devel-windows-x86_64