Last updated on 2022-08-15 08:50:01 CEST.
Flavor | Version | Tinstall | Tcheck | Ttotal | Status | Flags |
---|---|---|---|---|---|---|
r-devel-linux-x86_64-debian-clang | 1.0.1 | 7.20 | 112.41 | 119.61 | OK | |
r-devel-linux-x86_64-debian-gcc | 1.0.1 | 6.36 | 84.54 | 90.90 | OK | |
r-devel-linux-x86_64-fedora-clang | 1.0.1 | 152.55 | NOTE | |||
r-devel-linux-x86_64-fedora-gcc | 1.0.1 | 151.21 | NOTE | |||
r-devel-windows-x86_64 | 1.0.1 | 21.00 | 140.00 | 161.00 | OK | |
r-patched-linux-x86_64 | 1.0.1 | 8.59 | 108.66 | 117.25 | OK | |
r-release-linux-x86_64 | 1.0.1 | 7.72 | 109.42 | 117.14 | OK | |
r-release-macos-arm64 | 1.0.1 | 52.00 | NOTE | |||
r-release-macos-x86_64 | 1.0.1 | 83.00 | NOTE | |||
r-release-windows-x86_64 | 1.0.1 | 25.00 | 142.00 | 167.00 | OK | |
r-oldrel-macos-arm64 | 1.0.1 | 73.00 | NOTE | |||
r-oldrel-macos-x86_64 | 1.0.1 | 66.00 | NOTE | |||
r-oldrel-windows-ix86+x86_64 | 1.0.1 | 16.00 | 147.00 | 163.00 | OK |
Version: 1.0.1
Check: dependencies in R code
Result: NOTE
Namespace in Imports field not imported from: ‘nlme’
All declared Imports should be used.
Flavors: r-devel-linux-x86_64-fedora-clang, r-devel-linux-x86_64-fedora-gcc, r-release-macos-arm64, r-release-macos-x86_64, r-oldrel-macos-arm64, r-oldrel-macos-x86_64