Last updated on 2022-08-15 08:50:01 CEST.
Flavor | Version | Tinstall | Tcheck | Ttotal | Status | Flags |
---|---|---|---|---|---|---|
r-devel-linux-x86_64-debian-clang | 0.3.3 | 2.74 | 32.10 | 34.84 | OK | |
r-devel-linux-x86_64-debian-gcc | 0.3.3 | 2.11 | 24.75 | 26.86 | OK | |
r-devel-linux-x86_64-fedora-clang | 0.3.3 | 52.12 | OK | |||
r-devel-linux-x86_64-fedora-gcc | 0.3.3 | 51.48 | OK | |||
r-devel-windows-x86_64 | 0.3.3 | 14.00 | 60.00 | 74.00 | OK | |
r-patched-linux-x86_64 | 0.3.3 | 2.77 | 30.89 | 33.66 | OK | |
r-release-linux-x86_64 | 0.3.3 | 2.41 | 30.99 | 33.40 | OK | |
r-release-macos-arm64 | 0.3.3 | 18.00 | NOTE | |||
r-release-macos-x86_64 | 0.3.3 | 28.00 | OK | |||
r-release-windows-x86_64 | 0.3.3 | 14.00 | 58.00 | 72.00 | OK | |
r-oldrel-macos-arm64 | 0.3.3 | 21.00 | NOTE | |||
r-oldrel-macos-x86_64 | 0.3.3 | 35.00 | NOTE | |||
r-oldrel-windows-ix86+x86_64 | 0.3.3 | 6.00 | 51.00 | 57.00 | OK |
Version: 0.3.3
Check: package dependencies
Result: NOTE
Packages suggested but not available for checking:
'minfi', 'GEOquery', 'IlluminaHumanMethylation450kmanifest'
Flavors: r-release-macos-arm64, r-oldrel-macos-arm64
Version: 0.3.3
Check: package dependencies
Result: NOTE
Package suggested but not available for checking: ‘IlluminaHumanMethylation450kmanifest’
Flavor: r-oldrel-macos-x86_64