Last updated on 2022-08-15 08:50:01 CEST.
Flavor | Version | Tinstall | Tcheck | Ttotal | Status | Flags |
---|---|---|---|---|---|---|
r-devel-linux-x86_64-debian-clang | 0.2.0 | 3.73 | 34.71 | 38.44 | OK | |
r-devel-linux-x86_64-debian-gcc | 0.2.0 | 2.89 | 26.75 | 29.64 | OK | |
r-devel-linux-x86_64-fedora-clang | 0.2.0 | 55.83 | NOTE | |||
r-devel-linux-x86_64-fedora-gcc | 0.2.0 | 55.50 | NOTE | |||
r-devel-windows-x86_64 | 0.2.0 | 15.00 | 57.00 | 72.00 | OK | |
r-patched-linux-x86_64 | 0.2.0 | 3.12 | 32.53 | 35.65 | OK | |
r-release-linux-x86_64 | 0.2.0 | 3.43 | 32.91 | 36.34 | OK | |
r-release-macos-arm64 | 0.2.0 | 20.00 | NOTE | |||
r-release-macos-x86_64 | 0.2.0 | 29.00 | NOTE | |||
r-release-windows-x86_64 | 0.2.0 | 27.00 | 61.00 | 88.00 | OK | |
r-oldrel-macos-arm64 | 0.2.0 | 20.00 | NOTE | |||
r-oldrel-macos-x86_64 | 0.2.0 | 33.00 | NOTE | |||
r-oldrel-windows-ix86+x86_64 | 0.2.0 | 8.00 | 59.00 | 67.00 | OK |
Version: 0.2.0
Check: dependencies in R code
Result: NOTE
Namespaces in Imports field not imported from:
‘lme4’ ‘nlme’
All declared Imports should be used.
Flavors: r-devel-linux-x86_64-fedora-clang, r-devel-linux-x86_64-fedora-gcc, r-release-macos-arm64, r-release-macos-x86_64, r-oldrel-macos-arm64, r-oldrel-macos-x86_64