Last updated on 2022-08-15 08:50:01 CEST.
Flavor | Version | Tinstall | Tcheck | Ttotal | Status | Flags |
---|---|---|---|---|---|---|
r-devel-linux-x86_64-debian-clang | 3.0.2 | 79.44 | 112.91 | 192.35 | OK | |
r-devel-linux-x86_64-debian-gcc | 3.0.2 | 64.33 | 85.42 | 149.75 | OK | |
r-devel-linux-x86_64-fedora-clang | 3.0.2 | 239.71 | OK | |||
r-devel-linux-x86_64-fedora-gcc | 3.0.2 | 247.00 | OK | |||
r-devel-windows-x86_64 | 3.0.2 | 54.00 | 145.00 | 199.00 | OK | |
r-patched-linux-x86_64 | 3.0.2 | 64.74 | 106.50 | 171.24 | OK | |
r-release-linux-x86_64 | 3.0.2 | 73.91 | 109.68 | 183.59 | OK | |
r-release-macos-arm64 | 3.0.2 | 98.00 | NOTE | |||
r-release-macos-x86_64 | 3.0.2 | 90.00 | NOTE | |||
r-release-windows-x86_64 | 3.0.2 | 52.00 | 142.00 | 194.00 | OK | |
r-oldrel-macos-arm64 | 3.0.2 | 94.00 | NOTE | |||
r-oldrel-macos-x86_64 | 3.0.2 | 93.00 | NOTE | |||
r-oldrel-windows-ix86+x86_64 | 3.0.2 | 154.00 | 184.00 | 338.00 | OK |
Version: 3.0.2
Check: installed package size
Result: NOTE
installed size is 22.1Mb
sub-directories of 1Mb or more:
libs 21.4Mb
Flavors: r-release-macos-arm64, r-release-macos-x86_64, r-oldrel-macos-arm64, r-oldrel-macos-x86_64