Last updated on 2022-08-15 08:50:01 CEST.
Flavor | Version | Tinstall | Tcheck | Ttotal | Status | Flags |
---|---|---|---|---|---|---|
r-devel-linux-x86_64-debian-clang | 1.0-3 | 11.97 | 117.66 | 129.63 | NOTE | |
r-devel-linux-x86_64-debian-gcc | 1.0-3 | 10.51 | 85.59 | 96.10 | NOTE | |
r-devel-linux-x86_64-fedora-clang | 1.0-3 | 160.60 | NOTE | |||
r-devel-linux-x86_64-fedora-gcc | 1.0-3 | 161.73 | NOTE | |||
r-devel-windows-x86_64 | 1.0-3 | 32.00 | 130.00 | 162.00 | NOTE | |
r-patched-linux-x86_64 | 1.0-3 | 12.68 | 109.87 | 122.55 | NOTE | |
r-release-linux-x86_64 | 1.0-3 | 11.86 | 111.16 | 123.02 | NOTE | |
r-release-macos-arm64 | 1.0-3 | 42.00 | NOTE | |||
r-release-macos-x86_64 | 1.0-3 | 59.00 | NOTE | |||
r-release-windows-x86_64 | 1.0-3 | 28.00 | 133.00 | 161.00 | NOTE | |
r-oldrel-macos-arm64 | 1.0-3 | 48.00 | NOTE | |||
r-oldrel-macos-x86_64 | 1.0-3 | 88.00 | NOTE | |||
r-oldrel-windows-ix86+x86_64 | 1.0-3 | 25.00 | 135.00 | 160.00 | OK |
Version: 1.0-3
Check: package dependencies
Result: NOTE
Package suggested but not available for checking: 'Flury'
Flavors: r-devel-linux-x86_64-debian-clang, r-devel-linux-x86_64-debian-gcc, r-devel-linux-x86_64-fedora-clang, r-devel-linux-x86_64-fedora-gcc, r-devel-windows-x86_64, r-patched-linux-x86_64, r-release-linux-x86_64, r-release-macos-arm64, r-release-macos-x86_64, r-release-windows-x86_64, r-oldrel-macos-arm64, r-oldrel-macos-x86_64