Last updated on 2022-08-15 08:50:01 CEST.
Flavor | Version | Tinstall | Tcheck | Ttotal | Status | Flags |
---|---|---|---|---|---|---|
r-devel-linux-x86_64-debian-clang | 1.1.1 | 4.64 | 177.42 | 182.06 | NOTE | |
r-devel-linux-x86_64-debian-gcc | 1.1.1 | 3.49 | 127.67 | 131.16 | NOTE | |
r-devel-linux-x86_64-fedora-clang | 1.1.1 | 218.20 | NOTE | |||
r-devel-linux-x86_64-fedora-gcc | 1.1.1 | 216.07 | NOTE | |||
r-devel-windows-x86_64 | 1.1.1 | 50.00 | 223.00 | 273.00 | NOTE | |
r-patched-linux-x86_64 | 1.1.1 | 5.18 | 176.69 | 181.87 | NOTE | |
r-release-linux-x86_64 | 1.1.1 | 4.27 | 172.04 | 176.31 | NOTE | |
r-release-macos-arm64 | 1.1.1 | 113.00 | NOTE | |||
r-release-macos-x86_64 | 1.1.1 | 119.00 | NOTE | |||
r-release-windows-x86_64 | 1.1.1 | 45.00 | 225.00 | 270.00 | NOTE | |
r-oldrel-macos-arm64 | 1.1.1 | 172.00 | NOTE | |||
r-oldrel-macos-x86_64 | 1.1.1 | 192.00 | NOTE | |||
r-oldrel-windows-ix86+x86_64 | 1.1.1 | 10.00 | 192.00 | 202.00 | NOTE |
Version: 1.1.1
Check: LazyData
Result: NOTE
'LazyData' is specified without a 'data' directory
Flavors: r-devel-linux-x86_64-debian-clang, r-devel-linux-x86_64-debian-gcc, r-devel-linux-x86_64-fedora-clang, r-devel-linux-x86_64-fedora-gcc, r-devel-windows-x86_64, r-patched-linux-x86_64, r-release-linux-x86_64, r-release-macos-arm64, r-release-macos-x86_64, r-release-windows-x86_64, r-oldrel-macos-arm64, r-oldrel-macos-x86_64, r-oldrel-windows-ix86+x86_64