Last updated on 2022-08-15 08:50:01 CEST.
Flavor | Version | Tinstall | Tcheck | Ttotal | Status | Flags |
---|---|---|---|---|---|---|
r-devel-linux-x86_64-debian-clang | 0.1-4 | 24.92 | 42.25 | 67.17 | WARN | |
r-devel-linux-x86_64-debian-gcc | 0.1-4 | 22.19 | 33.37 | 55.56 | OK | |
r-devel-linux-x86_64-fedora-clang | 0.1-4 | 100.53 | WARN | |||
r-devel-linux-x86_64-fedora-gcc | 0.1-4 | 97.31 | OK | |||
r-devel-windows-x86_64 | 0.1-4 | 31.00 | 100.00 | 131.00 | OK | |
r-patched-linux-x86_64 | 0.1-4 | 24.24 | 41.83 | 66.07 | OK | |
r-release-linux-x86_64 | 0.1-4 | 20.68 | 41.32 | 62.00 | OK | |
r-release-macos-arm64 | 0.1-4 | 30.00 | OK | |||
r-release-macos-x86_64 | 0.1-4 | 42.00 | OK | |||
r-release-windows-x86_64 | 0.1-4 | 28.00 | 100.00 | 128.00 | OK | |
r-oldrel-macos-arm64 | 0.1-4 | 40.00 | OK | |||
r-oldrel-macos-x86_64 | 0.1-4 | 36.00 | OK | |||
r-oldrel-windows-ix86+x86_64 | 0.1-4 | 65.00 | 94.00 | 159.00 | OK |
Version: 0.1-4
Check: whether package can be installed
Result: WARN
Found the following significant warnings:
mpboost.cpp:88:9: warning: use of bitwise '&' with boolean operands [-Wbitwise-instead-of-logical]
Flavors: r-devel-linux-x86_64-debian-clang, r-devel-linux-x86_64-fedora-clang