Last updated on 2022-08-15 08:50:01 CEST.
Flavor | Version | Tinstall | Tcheck | Ttotal | Status | Flags |
---|---|---|---|---|---|---|
r-devel-linux-x86_64-debian-clang | 1.0.0 | 2.84 | 31.49 | 34.33 | NOTE | |
r-devel-linux-x86_64-debian-gcc | 1.0.0 | 1.90 | 24.43 | 26.33 | NOTE | |
r-devel-linux-x86_64-fedora-clang | 1.0.0 | 51.59 | NOTE | |||
r-devel-linux-x86_64-fedora-gcc | 1.0.0 | 50.17 | NOTE | |||
r-devel-windows-x86_64 | 1.0.0 | 10.00 | 56.00 | 66.00 | NOTE | |
r-patched-linux-x86_64 | 1.0.0 | 2.02 | 29.87 | 31.89 | OK | |
r-release-linux-x86_64 | 1.0.0 | 2.10 | 30.64 | 32.74 | OK | |
r-release-macos-arm64 | 1.0.0 | 21.00 | OK | |||
r-release-macos-x86_64 | 1.0.0 | 31.00 | OK | |||
r-release-windows-x86_64 | 1.0.0 | 9.00 | 59.00 | 68.00 | OK | |
r-oldrel-macos-arm64 | 1.0.0 | 25.00 | OK | |||
r-oldrel-macos-x86_64 | 1.0.0 | 33.00 | OK | |||
r-oldrel-windows-ix86+x86_64 | 1.0.0 | 8.00 | 51.00 | 59.00 | OK |
Version: 1.0.0
Check: Rd files
Result: NOTE
checkRd: (-1) genotype_data.Rd:7: Escaped LaTeX specials: \_
checkRd: (-1) genotype_data.Rd:18: Escaped LaTeX specials: \_
checkRd: (-1) phenotype_data.Rd:15: Escaped LaTeX specials: \_
Flavors: r-devel-linux-x86_64-debian-clang, r-devel-linux-x86_64-debian-gcc, r-devel-linux-x86_64-fedora-clang, r-devel-linux-x86_64-fedora-gcc, r-devel-windows-x86_64