Last updated on 2022-08-15 08:50:01 CEST.
Flavor | Version | Tinstall | Tcheck | Ttotal | Status | Flags |
---|---|---|---|---|---|---|
r-devel-linux-x86_64-debian-clang | 1.14.1 | 58.99 | 196.09 | 255.08 | OK | |
r-devel-linux-x86_64-debian-gcc | 1.14.1 | 49.45 | 151.29 | 200.74 | OK | |
r-devel-linux-x86_64-fedora-clang | 1.14.1 | 320.59 | OK | |||
r-devel-linux-x86_64-fedora-gcc | 1.14.1 | 318.93 | OK | |||
r-devel-windows-x86_64 | 1.14.1 | 58.00 | 267.00 | 325.00 | OK | |
r-patched-linux-x86_64 | 1.14.1 | 48.24 | 185.31 | 233.55 | OK | |
r-release-linux-x86_64 | 1.14.1 | 45.25 | 186.50 | 231.75 | OK | |
r-release-macos-arm64 | 1.14.1 | 85.00 | NOTE | |||
r-release-macos-x86_64 | 1.14.1 | 108.00 | NOTE | |||
r-release-windows-x86_64 | 1.14.1 | 55.00 | 263.00 | 318.00 | OK | |
r-oldrel-macos-arm64 | 1.14.1 | 106.00 | NOTE | |||
r-oldrel-macos-x86_64 | 1.14.1 | 102.00 | NOTE | |||
r-oldrel-windows-ix86+x86_64 | 1.14.1 | 131.00 | 280.00 | 411.00 | OK |
Version: 1.14.1
Check: installed package size
Result: NOTE
installed size is 10.6Mb
sub-directories of 1Mb or more:
libs 9.4Mb
Flavors: r-release-macos-arm64, r-release-macos-x86_64, r-oldrel-macos-arm64, r-oldrel-macos-x86_64