Last updated on 2022-08-15 08:50:01 CEST.
Flavor | Version | Tinstall | Tcheck | Ttotal | Status | Flags |
---|---|---|---|---|---|---|
r-devel-linux-x86_64-debian-clang | 0.4-2 | 6.95 | 89.74 | 96.69 | NOTE | |
r-devel-linux-x86_64-debian-gcc | 0.4-2 | 6.14 | 66.86 | 73.00 | NOTE | |
r-devel-linux-x86_64-fedora-clang | 0.4-2 | 123.53 | NOTE | |||
r-devel-linux-x86_64-fedora-gcc | 0.4-2 | 119.91 | NOTE | |||
r-devel-windows-x86_64 | 0.4-2 | 41.00 | 139.00 | 180.00 | NOTE | |
r-patched-linux-x86_64 | 0.4-2 | 7.52 | 83.30 | 90.82 | NOTE | |
r-release-linux-x86_64 | 0.4-2 | 6.10 | 82.80 | 88.90 | NOTE | |
r-release-macos-arm64 | 0.4-2 | 55.00 | NOTE | |||
r-release-macos-x86_64 | 0.4-2 | 63.00 | NOTE | |||
r-release-windows-x86_64 | 0.4-2 | 35.00 | 136.00 | 171.00 | NOTE | |
r-oldrel-macos-arm64 | 0.4-2 | 41.00 | NOTE | |||
r-oldrel-macos-x86_64 | 0.4-2 | 70.00 | NOTE | |||
r-oldrel-windows-ix86+x86_64 | 0.4-2 | 17.00 | 137.00 | 154.00 | NOTE |
Version: 0.4-2
Check: LazyData
Result: NOTE
'LazyData' is specified without a 'data' directory
Flavors: r-devel-linux-x86_64-debian-clang, r-devel-linux-x86_64-debian-gcc, r-devel-linux-x86_64-fedora-clang, r-devel-linux-x86_64-fedora-gcc, r-devel-windows-x86_64, r-patched-linux-x86_64, r-release-linux-x86_64, r-release-macos-arm64, r-release-macos-x86_64, r-release-windows-x86_64, r-oldrel-macos-arm64, r-oldrel-macos-x86_64, r-oldrel-windows-ix86+x86_64