Last updated on 2022-08-15 08:50:01 CEST.
Flavor | Version | Tinstall | Tcheck | Ttotal | Status | Flags |
---|---|---|---|---|---|---|
r-devel-linux-x86_64-debian-clang | 0.1.4 | 18.35 | 149.46 | 167.81 | NOTE | |
r-devel-linux-x86_64-debian-gcc | 0.1.4 | 13.06 | 110.07 | 123.13 | NOTE | |
r-devel-linux-x86_64-fedora-clang | 0.1.4 | 216.86 | NOTE | |||
r-devel-linux-x86_64-fedora-gcc | 0.1.4 | 214.76 | NOTE | |||
r-devel-windows-x86_64 | 0.1.4 | 20.00 | 161.00 | 181.00 | OK | |
r-patched-linux-x86_64 | 0.1.4 | 14.14 | 141.43 | 155.57 | OK | |
r-release-linux-x86_64 | 0.1.4 | 11.29 | 140.15 | 151.44 | OK | |
r-release-macos-arm64 | 0.1.4 | 52.00 | OK | |||
r-release-macos-x86_64 | 0.1.4 | 95.00 | OK | |||
r-release-windows-x86_64 | 0.1.4 | 23.00 | 158.00 | 181.00 | OK | |
r-oldrel-macos-arm64 | 0.1.4 | 55.00 | OK | |||
r-oldrel-macos-x86_64 | 0.1.4 | 91.00 | OK | |||
r-oldrel-windows-ix86+x86_64 | 0.1.4 | 38.00 | 162.00 | 200.00 | OK |
Version: 0.1.4
Check: HTML version of manual
Result: NOTE
Found the following HTML validation problems:
FindMaxHomoOptimalPartitions.html:90:38: Warning: nested emphasis <code>
FindMaxHomoOptimalPartitions.html:94:38: Warning: nested emphasis <code>
FindMaxHomoOptimalPartitions.html:98:38: Warning: nested emphasis <code>
FindMaxHomoOptimalPartitions.html:102:38: Warning: nested emphasis <code>
FindMaxHomoOptimalPartitions.html:108:38: Warning: nested emphasis <code>
FindMaxHomoOptimalPartitions.html:114:38: Warning: nested emphasis <code>
linearModelTraining.html:80:38: Warning: nested emphasis <code>
Flavors: r-devel-linux-x86_64-debian-clang, r-devel-linux-x86_64-debian-gcc, r-devel-linux-x86_64-fedora-clang, r-devel-linux-x86_64-fedora-gcc