Last updated on 2022-08-15 08:50:01 CEST.
Flavor | Version | Tinstall | Tcheck | Ttotal | Status | Flags |
---|---|---|---|---|---|---|
r-devel-linux-x86_64-debian-clang | 0.1.1 | 11.34 | 110.59 | 121.93 | OK | |
r-devel-linux-x86_64-debian-gcc | 0.1.1 | 7.80 | 80.72 | 88.52 | OK | |
r-devel-linux-x86_64-fedora-clang | 0.1.1 | 156.12 | NOTE | |||
r-devel-linux-x86_64-fedora-gcc | 0.1.1 | 151.00 | NOTE | |||
r-devel-windows-x86_64 | 0.1.1 | 71.00 | 123.00 | 194.00 | OK | |
r-patched-linux-x86_64 | 0.1.1 | 11.46 | 102.05 | 113.51 | OK | |
r-release-linux-x86_64 | 0.1.1 | 11.10 | 102.60 | 113.70 | OK | |
r-release-macos-arm64 | 0.1.1 | 45.00 | NOTE | |||
r-release-macos-x86_64 | 0.1.1 | 68.00 | NOTE | |||
r-release-windows-x86_64 | 0.1.1 | 37.00 | 126.00 | 163.00 | OK | |
r-oldrel-macos-arm64 | 0.1.1 | 39.00 | NOTE | |||
r-oldrel-macos-x86_64 | 0.1.1 | 56.00 | NOTE | |||
r-oldrel-windows-ix86+x86_64 | 0.1.1 | 26.00 | 123.00 | 149.00 | OK |
Version: 0.1.1
Check: dependencies in R code
Result: NOTE
Namespace in Imports field not imported from: ‘dplyr’
All declared Imports should be used.
Flavors: r-devel-linux-x86_64-fedora-clang, r-devel-linux-x86_64-fedora-gcc, r-release-macos-arm64, r-release-macos-x86_64, r-oldrel-macos-arm64, r-oldrel-macos-x86_64