Last updated on 2022-08-15 08:50:01 CEST.
Flavor | Version | Tinstall | Tcheck | Ttotal | Status | Flags |
---|---|---|---|---|---|---|
r-devel-linux-x86_64-debian-clang | 3.0 | 32.35 | 157.20 | 189.55 | OK | |
r-devel-linux-x86_64-debian-gcc | 3.0 | 28.59 | 112.59 | 141.18 | OK | |
r-devel-linux-x86_64-fedora-clang | 3.0 | 245.90 | NOTE | |||
r-devel-linux-x86_64-fedora-gcc | 3.0 | 230.82 | NOTE | |||
r-devel-windows-x86_64 | 3.0 | 35.00 | 150.00 | 185.00 | OK | |
r-patched-linux-x86_64 | 3.0 | 30.27 | 147.13 | 177.40 | OK | |
r-release-linux-x86_64 | 3.0 | 31.87 | 145.98 | 177.85 | OK | |
r-release-macos-arm64 | 3.0 | 53.00 | NOTE | |||
r-release-macos-x86_64 | 3.0 | 87.00 | NOTE | |||
r-release-windows-x86_64 | 3.0 | 35.00 | 154.00 | 189.00 | OK | |
r-oldrel-macos-arm64 | 3.0 | 66.00 | NOTE | |||
r-oldrel-macos-x86_64 | 3.0 | 96.00 | NOTE | |||
r-oldrel-windows-ix86+x86_64 | 3.0 | 56.00 | 155.00 | 211.00 | OK |
Version: 3.0
Check: dependencies in R code
Result: NOTE
Namespaces in Imports field not imported from:
‘datasets’ ‘grDevices’ ‘graphics’ ‘iterators’ ‘methods’
All declared Imports should be used.
Flavors: r-devel-linux-x86_64-fedora-clang, r-devel-linux-x86_64-fedora-gcc, r-release-macos-arm64, r-release-macos-x86_64, r-oldrel-macos-arm64, r-oldrel-macos-x86_64