Last updated on 2022-08-15 08:50:01 CEST.
Flavor | Version | Tinstall | Tcheck | Ttotal | Status | Flags |
---|---|---|---|---|---|---|
r-devel-linux-x86_64-debian-clang | 1.4 | 2.08 | 28.87 | 30.95 | NOTE | |
r-devel-linux-x86_64-debian-gcc | 1.4 | 2.38 | 22.16 | 24.54 | NOTE | |
r-devel-linux-x86_64-fedora-clang | 1.4 | 52.29 | NOTE | |||
r-devel-linux-x86_64-fedora-gcc | 1.4 | 51.70 | NOTE | |||
r-devel-windows-x86_64 | 1.4 | 5.00 | 52.00 | 57.00 | NOTE | |
r-patched-linux-x86_64 | 1.4 | 2.78 | 28.49 | 31.27 | NOTE | |
r-release-linux-x86_64 | 1.4 | 2.88 | 28.69 | 31.57 | NOTE | |
r-release-macos-arm64 | 1.4 | 16.00 | NOTE | |||
r-release-macos-x86_64 | 1.4 | 23.00 | NOTE | |||
r-release-windows-x86_64 | 1.4 | 13.00 | 54.00 | 67.00 | NOTE | |
r-oldrel-macos-arm64 | 1.4 | 20.00 | NOTE | |||
r-oldrel-macos-x86_64 | 1.4 | 29.00 | NOTE | |||
r-oldrel-windows-ix86+x86_64 | 1.4 | 8.00 | 51.00 | 59.00 | NOTE |
Version: 1.4
Check: LazyData
Result: NOTE
'LazyData' is specified without a 'data' directory
Flavors: r-devel-linux-x86_64-debian-clang, r-devel-linux-x86_64-debian-gcc, r-devel-linux-x86_64-fedora-clang, r-devel-linux-x86_64-fedora-gcc, r-devel-windows-x86_64, r-patched-linux-x86_64, r-release-linux-x86_64, r-release-macos-arm64, r-release-macos-x86_64, r-release-windows-x86_64, r-oldrel-macos-arm64, r-oldrel-macos-x86_64, r-oldrel-windows-ix86+x86_64