Last updated on 2022-08-15 08:50:01 CEST.
Flavor | Version | Tinstall | Tcheck | Ttotal | Status | Flags |
---|---|---|---|---|---|---|
r-devel-linux-x86_64-debian-clang | 2.1.0 | 12.32 | 107.33 | 119.65 | NOTE | |
r-devel-linux-x86_64-debian-gcc | 2.1.0 | 9.67 | 76.93 | 86.60 | NOTE | |
r-devel-linux-x86_64-fedora-clang | 2.1.0 | 161.02 | NOTE | |||
r-devel-linux-x86_64-fedora-gcc | 2.1.0 | 154.32 | NOTE | |||
r-devel-windows-x86_64 | 2.1.0 | 16.00 | 116.00 | 132.00 | NOTE | |
r-patched-linux-x86_64 | 2.1.0 | 9.07 | 96.15 | 105.22 | NOTE | |
r-release-linux-x86_64 | 2.1.0 | 10.50 | 99.47 | 109.97 | NOTE | |
r-release-macos-arm64 | 2.1.0 | 41.00 | NOTE | |||
r-release-macos-x86_64 | 2.1.0 | 73.00 | NOTE | |||
r-release-windows-x86_64 | 2.1.0 | 16.00 | 117.00 | 133.00 | NOTE | |
r-oldrel-macos-arm64 | 2.1.0 | 48.00 | NOTE | |||
r-oldrel-macos-x86_64 | 2.1.0 | 82.00 | NOTE | |||
r-oldrel-windows-ix86+x86_64 | 2.1.0 | 27.00 | 117.00 | 144.00 | NOTE |
Version: 2.1.0
Check: LazyData
Result: NOTE
'LazyData' is specified without a 'data' directory
Flavors: r-devel-linux-x86_64-debian-clang, r-devel-linux-x86_64-debian-gcc, r-devel-linux-x86_64-fedora-clang, r-devel-linux-x86_64-fedora-gcc, r-devel-windows-x86_64, r-patched-linux-x86_64, r-release-linux-x86_64, r-release-macos-arm64, r-release-macos-x86_64, r-release-windows-x86_64, r-oldrel-macos-arm64, r-oldrel-macos-x86_64, r-oldrel-windows-ix86+x86_64