Last updated on 2022-08-15 08:50:02 CEST.
Flavor | Version | Tinstall | Tcheck | Ttotal | Status | Flags |
---|---|---|---|---|---|---|
r-devel-linux-x86_64-debian-clang | 1.5.4 | 96.06 | 596.80 | 692.86 | NOTE | |
r-devel-linux-x86_64-debian-gcc | 1.5.4 | 72.64 | 421.31 | 493.95 | NOTE | |
r-devel-linux-x86_64-fedora-clang | 1.5.4 | 817.93 | NOTE | |||
r-devel-linux-x86_64-fedora-gcc | 1.5.4 | 816.21 | NOTE | |||
r-devel-windows-x86_64 | 1.5.4 | 149.00 | 624.00 | 773.00 | NOTE | |
r-patched-linux-x86_64 | 1.5.4 | 89.16 | 545.63 | 634.79 | OK | |
r-release-linux-x86_64 | 1.5.4 | 84.26 | 547.06 | 631.32 | OK | |
r-release-macos-arm64 | 1.5.4 | 203.00 | NOTE | |||
r-release-macos-x86_64 | 1.5.4 | 248.00 | NOTE | |||
r-release-windows-x86_64 | 1.5.4 | 154.00 | 655.00 | 809.00 | OK | |
r-oldrel-macos-arm64 | 1.5.4 | 212.00 | NOTE | |||
r-oldrel-macos-x86_64 | 1.5.4 | 246.00 | NOTE | |||
r-oldrel-windows-ix86+x86_64 | 1.5.4 | 149.00 | 662.00 | 811.00 | OK |
Version: 1.5.4
Check: Rd files
Result: NOTE
checkRd: (-1) MXM-package.Rd:74: Escaped LaTeX specials: \&
checkRd: (-1) MXM-package.Rd:100: Escaped LaTeX specials: \&
checkRd: (-1) MXMCondIndTests.Rd:35: Escaped LaTeX specials: \&
checkRd: (-1) MXMCondIndTests.Rd:174: Escaped LaTeX specials: \&
checkRd: (-1) MXMCondIndTests.Rd:212: Escaped LaTeX specials: \&
checkRd: (-1) MXMCondIndTests.Rd:242: Escaped LaTeX specials: \&
checkRd: (-1) MXMCondIndTests.Rd:276: Escaped LaTeX specials: \&
checkRd: (-1) SES.glmm.Rd:222: Escaped LaTeX specials: \&
checkRd: (-1) SES.glmm.Rd:224: Escaped LaTeX specials: \&
checkRd: (-1) cond.regs.Rd:109: Escaped LaTeX specials: \&
checkRd: (-1) cv.fbed.lmm.reg.Rd:71: Escaped LaTeX specials: \&
checkRd: (-1) cv.ses.Rd:236: Escaped LaTeX specials: \&
checkRd: (-1) ebic.glmm.bsreg.Rd:62: Escaped LaTeX specials: \&
checkRd: (-1) ebic.regs.Rd:65: Escaped LaTeX specials: \&
checkRd: (-1) fbed.gee.reg.Rd:112: Escaped LaTeX specials: \&
checkRd: (-1) fbed.glmm.reg.Rd:110: Escaped LaTeX specials: \&
checkRd: (-1) glmm.bsreg.Rd:60: Escaped LaTeX specials: \&
checkRd: (-1) glmm.ci.mm.Rd:62: Escaped LaTeX specials: \&
checkRd: (-1) mmhc.skel.Rd:122: Escaped LaTeX specials: \&
checkRd: (-1) mmpc.glmm.model.Rd:108: Escaped LaTeX specials: \&
checkRd: (-1) mmpc.glmm.model.Rd:110: Escaped LaTeX specials: \&
checkRd: (-1) mmpc.glmm2.Rd:138: Escaped LaTeX specials: \&
checkRd: (-1) mmpc.glmm2.Rd:140: Escaped LaTeX specials: \&
checkRd: (-1) pc.skel.Rd:203: Escaped LaTeX specials: \&
checkRd: (-1) testIndGEEReg.Rd:123: Escaped LaTeX specials: \&
checkRd: (-1) testIndGLMMReg.Rd:124: Escaped LaTeX specials: \&
checkRd: (-1) testIndGLMMReg.Rd:126: Escaped LaTeX specials: \&
checkRd: (-1) univregs.Rd:157: Escaped LaTeX specials: \&
Flavors: r-devel-linux-x86_64-debian-clang, r-devel-linux-x86_64-debian-gcc, r-devel-linux-x86_64-fedora-clang, r-devel-linux-x86_64-fedora-gcc, r-devel-windows-x86_64
Version: 1.5.4
Check: dependencies in R code
Result: NOTE
Namespace in Imports field not imported from: ‘knitr’
All declared Imports should be used.
Flavors: r-devel-linux-x86_64-fedora-clang, r-devel-linux-x86_64-fedora-gcc, r-release-macos-arm64, r-release-macos-x86_64, r-oldrel-macos-arm64, r-oldrel-macos-x86_64