Last updated on 2022-08-15 08:50:00 CEST.
Flavor | Version | Tinstall | Tcheck | Ttotal | Status | Flags |
---|---|---|---|---|---|---|
r-devel-linux-x86_64-debian-clang | 0.7.2 | 6.70 | 112.51 | 119.21 | NOTE | |
r-devel-linux-x86_64-debian-gcc | 0.7.2 | 3.78 | 81.03 | 84.81 | NOTE | |
r-devel-linux-x86_64-fedora-clang | 0.7.2 | 146.70 | NOTE | |||
r-devel-linux-x86_64-fedora-gcc | 0.7.2 | 147.61 | NOTE | |||
r-devel-windows-x86_64 | 0.7.2 | 38.00 | 134.00 | 172.00 | NOTE | |
r-patched-linux-x86_64 | 0.7.2 | 6.00 | 103.93 | 109.93 | OK | |
r-release-linux-x86_64 | 0.7.2 | 5.80 | 102.61 | 108.41 | OK | |
r-release-macos-arm64 | 0.7.2 | 33.00 | OK | |||
r-release-macos-x86_64 | 0.7.2 | 61.00 | OK | |||
r-release-windows-x86_64 | 0.7.2 | 45.00 | 129.00 | 174.00 | OK | |
r-oldrel-macos-arm64 | 0.7.2 | 35.00 | OK | |||
r-oldrel-macos-x86_64 | 0.7.2 | 56.00 | OK | |||
r-oldrel-windows-ix86+x86_64 | 0.7.2 | 15.00 | 133.00 | 148.00 | OK |
Version: 0.7.2
Check: Rd files
Result: NOTE
checkRd: (-1) mma.Rd:67: Escaped LaTeX specials: \&
Flavors: r-devel-linux-x86_64-debian-clang, r-devel-linux-x86_64-debian-gcc, r-devel-linux-x86_64-fedora-clang, r-devel-linux-x86_64-fedora-gcc, r-devel-windows-x86_64