Last updated on 2022-08-15 08:50:01 CEST.
Flavor | Version | Tinstall | Tcheck | Ttotal | Status | Flags |
---|---|---|---|---|---|---|
r-devel-windows-x86_64 | 0.2.1 | 13.00 | 62.00 | 75.00 | OK | |
r-release-windows-x86_64 | 0.2.1 | 12.00 | 60.00 | 72.00 | OK | |
r-oldrel-macos-arm64 | 0.2.1 | 47.00 | NOTE | |||
r-oldrel-windows-ix86+x86_64 | 0.2.1 | 10.00 | 57.00 | 67.00 | OK |
Version: 0.2.1
Check: data for non-ASCII characters
Result: NOTE
Note: found 7757 marked UTF-8 strings
Flavor: r-oldrel-macos-arm64