Last updated on 2022-08-15 08:50:01 CEST.
Flavor | Version | Tinstall | Tcheck | Ttotal | Status | Flags |
---|---|---|---|---|---|---|
r-devel-linux-x86_64-debian-clang | 1.2.0 | 8.50 | 98.43 | 106.93 | NOTE | |
r-devel-linux-x86_64-debian-gcc | 1.2.0 | 8.82 | 72.92 | 81.74 | NOTE | |
r-devel-linux-x86_64-fedora-clang | 1.2.0 | 140.43 | NOTE | |||
r-devel-linux-x86_64-fedora-gcc | 1.2.0 | 138.16 | NOTE | |||
r-devel-windows-x86_64 | 1.2.0 | 27.00 | 115.00 | 142.00 | OK | |
r-patched-linux-x86_64 | 1.2.0 | 8.46 | 91.93 | 100.39 | NOTE | |
r-release-linux-x86_64 | 1.2.0 | 9.15 | 94.30 | 103.45 | NOTE | |
r-release-macos-arm64 | 1.2.0 | 38.00 | OK | |||
r-release-macos-x86_64 | 1.2.0 | 55.00 | OK | |||
r-release-windows-x86_64 | 1.2.0 | 29.00 | 113.00 | 142.00 | OK | |
r-oldrel-macos-arm64 | 1.2.0 | 41.00 | OK | |||
r-oldrel-macos-x86_64 | 1.2.0 | 76.00 | OK | |||
r-oldrel-windows-ix86+x86_64 | 1.2.0 | 22.00 | 120.00 | 142.00 | OK |
Version: 1.2.0
Check: for non-standard things in the check directory
Result: NOTE
Found the following files/directories:
'cycHumanBloodData.csv' 'cycHumanBloodDesign.csv'
'cycMouseLiverProtein.txt' 'cycMouseLiverRNA.csv' 'cycSimu4h2d.csv'
'cycYeastCycle.csv' 'example'
Flavors: r-devel-linux-x86_64-debian-clang, r-devel-linux-x86_64-debian-gcc, r-devel-linux-x86_64-fedora-clang, r-devel-linux-x86_64-fedora-gcc, r-patched-linux-x86_64, r-release-linux-x86_64