Last updated on 2022-08-15 08:50:01 CEST.
Flavor | Version | Tinstall | Tcheck | Ttotal | Status | Flags |
---|---|---|---|---|---|---|
r-devel-linux-x86_64-debian-clang | 0.1.2 | 3.49 | 43.66 | 47.15 | NOTE | |
r-devel-linux-x86_64-debian-gcc | 0.1.2 | 2.85 | 31.81 | 34.66 | NOTE | |
r-devel-linux-x86_64-fedora-clang | 0.1.2 | 66.99 | NOTE | |||
r-devel-linux-x86_64-fedora-gcc | 0.1.2 | 65.22 | NOTE | |||
r-devel-windows-x86_64 | 0.1.2 | 20.00 | 72.00 | 92.00 | NOTE | |
r-patched-linux-x86_64 | 0.1.2 | 3.66 | 40.66 | 44.32 | NOTE | |
r-release-linux-x86_64 | 0.1.2 | 2.70 | 41.67 | 44.37 | NOTE | |
r-release-macos-arm64 | 0.1.2 | 25.00 | NOTE | |||
r-release-macos-x86_64 | 0.1.2 | 28.00 | NOTE | |||
r-release-windows-x86_64 | 0.1.2 | 18.00 | 68.00 | 86.00 | NOTE | |
r-oldrel-macos-arm64 | 0.1.2 | 28.00 | NOTE | |||
r-oldrel-macos-x86_64 | 0.1.2 | 38.00 | NOTE | |||
r-oldrel-windows-ix86+x86_64 | 0.1.2 | 8.00 | 70.00 | 78.00 | NOTE |
Version: 0.1.2
Check: LazyData
Result: NOTE
'LazyData' is specified without a 'data' directory
Flavors: r-devel-linux-x86_64-debian-clang, r-devel-linux-x86_64-debian-gcc, r-devel-linux-x86_64-fedora-clang, r-devel-linux-x86_64-fedora-gcc, r-devel-windows-x86_64, r-patched-linux-x86_64, r-release-linux-x86_64, r-release-macos-arm64, r-release-macos-x86_64, r-release-windows-x86_64, r-oldrel-macos-arm64, r-oldrel-macos-x86_64, r-oldrel-windows-ix86+x86_64
Version: 0.1.2
Check: dependencies in R code
Result: NOTE
Namespace in Imports field not imported from: ‘knitr’
All declared Imports should be used.
Flavors: r-devel-linux-x86_64-fedora-clang, r-devel-linux-x86_64-fedora-gcc, r-release-macos-arm64, r-release-macos-x86_64, r-oldrel-macos-arm64, r-oldrel-macos-x86_64