Last updated on 2022-08-15 08:50:01 CEST.
Flavor | Version | Tinstall | Tcheck | Ttotal | Status | Flags |
---|---|---|---|---|---|---|
r-devel-linux-x86_64-debian-clang | 1.0 | 46.97 | 140.78 | 187.75 | OK | |
r-devel-linux-x86_64-debian-gcc | 1.0 | 32.46 | 103.09 | 135.55 | OK | |
r-devel-linux-x86_64-fedora-clang | 1.0 | 241.82 | NOTE | |||
r-devel-linux-x86_64-fedora-gcc | 1.0 | 230.07 | NOTE | |||
r-devel-windows-x86_64 | 1.0 | 39.00 | 180.00 | 219.00 | OK | |
r-patched-linux-x86_64 | 1.0 | 43.10 | 130.70 | 173.80 | OK | |
r-release-linux-x86_64 | 1.0 | 37.04 | 131.75 | 168.79 | OK | |
r-release-macos-arm64 | 1.0 | 63.00 | OK | |||
r-release-macos-x86_64 | 1.0 | 103.00 | OK | |||
r-release-windows-x86_64 | 1.0 | 38.00 | 187.00 | 225.00 | OK | |
r-oldrel-macos-arm64 | 1.0 | 60.00 | OK | |||
r-oldrel-macos-x86_64 | 1.0 | 118.00 | OK | |||
r-oldrel-windows-ix86+x86_64 | 1.0 | 107.00 | 229.00 | 336.00 | OK |
Version: 1.0
Check: compiled code
Result: NOTE
File ‘MiSPU/libs/MiSPU.so’:
Found no calls to: ‘R_registerRoutines’, ‘R_useDynamicSymbols’
It is good practice to register native routines and to disable symbol
search.
See ‘Writing portable packages’ in the ‘Writing R Extensions’ manual.
Flavors: r-devel-linux-x86_64-fedora-clang, r-devel-linux-x86_64-fedora-gcc