Last updated on 2022-08-15 08:50:01 CEST.
Flavor | Version | Tinstall | Tcheck | Ttotal | Status | Flags |
---|---|---|---|---|---|---|
r-devel-linux-x86_64-debian-clang | 1.1 | 35.36 | 309.30 | 344.66 | OK | |
r-devel-linux-x86_64-debian-gcc | 1.1 | 28.51 | 226.72 | 255.23 | OK | |
r-devel-linux-x86_64-fedora-clang | 1.1 | 424.50 | NOTE | |||
r-devel-linux-x86_64-fedora-gcc | 1.1 | 455.41 | NOTE | |||
r-devel-windows-x86_64 | 1.1 | 48.00 | 294.00 | 342.00 | OK | |
r-patched-linux-x86_64 | 1.1 | 33.91 | 293.08 | 326.99 | OK | |
r-release-linux-x86_64 | 1.1 | 28.92 | 297.24 | 326.16 | OK | |
r-release-macos-arm64 | 1.1 | 103.00 | NOTE | |||
r-release-macos-x86_64 | 1.1 | 173.00 | NOTE | |||
r-release-windows-x86_64 | 1.1 | 36.00 | 294.00 | 330.00 | OK | |
r-oldrel-macos-arm64 | 1.1 | 98.00 | NOTE | |||
r-oldrel-macos-x86_64 | 1.1 | 140.00 | NOTE | |||
r-oldrel-windows-ix86+x86_64 | 1.1 | 75.00 | 305.00 | 380.00 | OK |
Version: 1.1
Check: dependencies in R code
Result: NOTE
Namespaces in Imports field not imported from:
‘MASS’ ‘Matrix’ ‘utils’
All declared Imports should be used.
Flavors: r-devel-linux-x86_64-fedora-clang, r-devel-linux-x86_64-fedora-gcc, r-release-macos-arm64, r-release-macos-x86_64, r-oldrel-macos-arm64, r-oldrel-macos-x86_64