Last updated on 2022-08-15 08:50:01 CEST.
Flavor | Version | Tinstall | Tcheck | Ttotal | Status | Flags |
---|---|---|---|---|---|---|
r-devel-linux-x86_64-debian-clang | 0.1.3 | 5.37 | 61.37 | 66.74 | NOTE | |
r-devel-linux-x86_64-debian-gcc | 0.1.3 | 4.60 | 44.97 | 49.57 | NOTE | |
r-devel-linux-x86_64-fedora-clang | 0.1.3 | 88.01 | NOTE | |||
r-devel-linux-x86_64-fedora-gcc | 0.1.3 | 86.57 | NOTE | |||
r-devel-windows-x86_64 | 0.1.3 | 11.00 | 80.00 | 91.00 | NOTE | |
r-patched-linux-x86_64 | 0.1.3 | 4.44 | 55.99 | 60.43 | NOTE | |
r-release-linux-x86_64 | 0.1.3 | 6.25 | 57.78 | 64.03 | NOTE | |
r-release-macos-arm64 | 0.1.3 | 24.00 | NOTE | |||
r-release-macos-x86_64 | 0.1.3 | 47.00 | NOTE | |||
r-release-windows-x86_64 | 0.1.3 | 13.00 | 84.00 | 97.00 | NOTE | |
r-oldrel-macos-arm64 | 0.1.3 | 32.00 | NOTE | |||
r-oldrel-macos-x86_64 | 0.1.3 | 42.00 | NOTE | |||
r-oldrel-windows-ix86+x86_64 | 0.1.3 | 16.00 | 88.00 | 104.00 | NOTE |
Version: 0.1.3
Check: LazyData
Result: NOTE
'LazyData' is specified without a 'data' directory
Flavors: r-devel-linux-x86_64-debian-clang, r-devel-linux-x86_64-debian-gcc, r-devel-linux-x86_64-fedora-clang, r-devel-linux-x86_64-fedora-gcc, r-devel-windows-x86_64, r-patched-linux-x86_64, r-release-linux-x86_64, r-release-macos-arm64, r-release-macos-x86_64, r-release-windows-x86_64, r-oldrel-macos-arm64, r-oldrel-macos-x86_64, r-oldrel-windows-ix86+x86_64