Last updated on 2022-08-15 08:50:01 CEST.
Flavor | Version | Tinstall | Tcheck | Ttotal | Status | Flags |
---|---|---|---|---|---|---|
r-devel-linux-x86_64-debian-clang | 0.1-2 | 12.32 | 114.82 | 127.14 | NOTE | |
r-devel-linux-x86_64-debian-gcc | 0.1-2 | 10.80 | 85.63 | 96.43 | NOTE | |
r-devel-linux-x86_64-fedora-clang | 0.1-2 | 167.44 | NOTE | |||
r-devel-linux-x86_64-fedora-gcc | 0.1-2 | 173.18 | NOTE | |||
r-devel-windows-x86_64 | 0.1-2 | 21.00 | 169.00 | 190.00 | OK | |
r-patched-linux-x86_64 | 0.1-2 | 14.49 | 108.61 | 123.10 | NOTE | |
r-release-linux-x86_64 | 0.1-2 | 13.26 | 110.23 | 123.49 | NOTE | |
r-release-macos-arm64 | 0.1-2 | 50.00 | NOTE | |||
r-release-macos-x86_64 | 0.1-2 | 67.00 | NOTE | |||
r-release-windows-x86_64 | 0.1-2 | 96.00 | 157.00 | 253.00 | OK | |
r-oldrel-macos-arm64 | 0.1-2 | 55.00 | NOTE | |||
r-oldrel-macos-x86_64 | 0.1-2 | 72.00 | NOTE | |||
r-oldrel-windows-ix86+x86_64 | 0.1-2 | 29.00 | 207.00 | 236.00 | OK |
Version: 0.1-2
Check: package dependencies
Result: NOTE
Package which this enhances but not available for checking: 'AnalyzeFMRI'
Flavors: r-devel-linux-x86_64-debian-clang, r-devel-linux-x86_64-debian-gcc, r-devel-linux-x86_64-fedora-clang, r-devel-linux-x86_64-fedora-gcc, r-patched-linux-x86_64, r-release-linux-x86_64
Version: 0.1-2
Check: package dependencies
Result: NOTE
Package which this enhances but not available for checking: ‘pbdMPI’
Flavors: r-release-macos-arm64, r-oldrel-macos-arm64, r-oldrel-macos-x86_64
Version: 0.1-2
Check: package dependencies
Result: NOTE
Packages which this enhances but not available for checking:
'pbdMPI', 'AnalyzeFMRI'
Flavor: r-release-macos-x86_64