Last updated on 2022-08-15 08:50:01 CEST.
Flavor | Version | Tinstall | Tcheck | Ttotal | Status | Flags |
---|---|---|---|---|---|---|
r-devel-linux-x86_64-debian-clang | 1.0.1 | 12.80 | 205.34 | 218.14 | NOTE | |
r-devel-linux-x86_64-debian-gcc | 1.0.1 | 10.11 | 142.88 | 152.99 | NOTE | |
r-devel-linux-x86_64-fedora-clang | 1.0.1 | 259.98 | NOTE | |||
r-devel-linux-x86_64-fedora-gcc | 1.0.1 | 270.23 | NOTE | |||
r-devel-windows-x86_64 | 1.0.1 | 37.00 | 206.00 | 243.00 | NOTE | |
r-patched-linux-x86_64 | 1.0.1 | 13.11 | 194.86 | 207.97 | OK | |
r-release-linux-x86_64 | 1.0.1 | 11.64 | 195.79 | 207.43 | OK | |
r-release-macos-arm64 | 1.0.1 | 48.00 | OK | |||
r-release-macos-x86_64 | 1.0.1 | 78.00 | OK | |||
r-release-windows-x86_64 | 1.0.1 | 23.00 | 203.00 | 226.00 | OK | |
r-oldrel-macos-arm64 | 1.0.1 | 65.00 | OK | |||
r-oldrel-macos-x86_64 | 1.0.1 | 126.00 | OK | |||
r-oldrel-windows-ix86+x86_64 | 1.0.1 | 22.00 | 220.00 | 242.00 | OK |
Version: 1.0.1
Check: package subdirectories
Result: NOTE
Problems with news in 'NEWS.md':
No news entries found.
Flavors: r-devel-linux-x86_64-debian-clang, r-devel-linux-x86_64-debian-gcc, r-devel-linux-x86_64-fedora-clang, r-devel-linux-x86_64-fedora-gcc, r-devel-windows-x86_64
Version: 1.0.1
Check: Rd files
Result: NOTE
checkRd: (-1) CHECKSUCCESS.Rd:44: Escaped LaTeX specials: \&
Flavors: r-devel-linux-x86_64-debian-clang, r-devel-linux-x86_64-debian-gcc, r-devel-linux-x86_64-fedora-clang, r-devel-linux-x86_64-fedora-gcc, r-devel-windows-x86_64