Last updated on 2022-08-15 08:50:01 CEST.
Flavor | Version | Tinstall | Tcheck | Ttotal | Status | Flags |
---|---|---|---|---|---|---|
r-devel-linux-x86_64-debian-clang | 0.0.31 | 16.13 | 135.39 | 151.52 | NOTE | |
r-devel-linux-x86_64-debian-gcc | 0.0.31 | 12.75 | 100.20 | 112.95 | NOTE | |
r-devel-linux-x86_64-fedora-clang | 0.0.31 | 187.02 | NOTE | |||
r-devel-linux-x86_64-fedora-gcc | 0.0.31 | 195.93 | NOTE | |||
r-devel-windows-x86_64 | 0.0.31 | 25.00 | 152.00 | 177.00 | NOTE | |
r-patched-linux-x86_64 | 0.0.31 | 14.03 | 126.61 | 140.64 | NOTE | |
r-release-linux-x86_64 | 0.0.31 | 10.92 | 125.53 | 136.45 | NOTE | |
r-release-macos-arm64 | 0.0.31 | 51.00 | NOTE | |||
r-release-macos-x86_64 | 0.0.31 | 87.00 | NOTE | |||
r-release-windows-x86_64 | 0.0.31 | 28.00 | 148.00 | 176.00 | NOTE | |
r-oldrel-macos-arm64 | 0.0.31 | 53.00 | NOTE | |||
r-oldrel-macos-x86_64 | 0.0.31 | 81.00 | NOTE | |||
r-oldrel-windows-ix86+x86_64 | 0.0.31 | 39.00 | 149.00 | 188.00 | NOTE |
Version: 0.0.31
Check: LazyData
Result: NOTE
'LazyData' is specified without a 'data' directory
Flavors: r-devel-linux-x86_64-debian-clang, r-devel-linux-x86_64-debian-gcc, r-devel-linux-x86_64-fedora-clang, r-devel-linux-x86_64-fedora-gcc, r-devel-windows-x86_64, r-patched-linux-x86_64, r-release-linux-x86_64, r-release-macos-arm64, r-release-macos-x86_64, r-release-windows-x86_64, r-oldrel-macos-arm64, r-oldrel-macos-x86_64, r-oldrel-windows-ix86+x86_64
Version: 0.0.31
Check: dependencies in R code
Result: NOTE
Namespace in Imports field not imported from: ‘ggplot2’
All declared Imports should be used.
Flavors: r-devel-linux-x86_64-fedora-clang, r-devel-linux-x86_64-fedora-gcc, r-release-macos-arm64, r-release-macos-x86_64, r-oldrel-macos-x86_64