Last updated on 2022-08-15 08:50:01 CEST.
Flavor | Version | Tinstall | Tcheck | Ttotal | Status | Flags |
---|---|---|---|---|---|---|
r-devel-linux-x86_64-debian-clang | 6.0 | 73.71 | 87.27 | 160.98 | OK | |
r-devel-linux-x86_64-debian-gcc | 6.0 | 64.41 | 63.42 | 127.83 | OK | |
r-devel-linux-x86_64-fedora-clang | 6.0 | 215.03 | OK | |||
r-devel-linux-x86_64-fedora-gcc | 6.0 | 228.99 | OK | |||
r-devel-windows-x86_64 | 6.0 | 77.00 | 127.00 | 204.00 | OK | |
r-patched-linux-x86_64 | 6.0 | 65.81 | 81.65 | 147.46 | OK | |
r-release-linux-x86_64 | 6.0 | 66.40 | 82.59 | 148.99 | OK | |
r-release-macos-arm64 | 6.0 | 56.00 | NOTE | |||
r-release-macos-x86_64 | 6.0 | 68.00 | NOTE | |||
r-release-windows-x86_64 | 6.0 | 93.00 | 128.00 | 221.00 | OK | |
r-oldrel-macos-arm64 | 6.0 | 47.00 | NOTE | |||
r-oldrel-macos-x86_64 | 6.0 | 68.00 | NOTE | |||
r-oldrel-windows-ix86+x86_64 | 6.0 | 153.00 | 144.00 | 297.00 | OK |
Version: 6.0
Check: installed package size
Result: NOTE
installed size is 7.4Mb
sub-directories of 1Mb or more:
libs 6.8Mb
Flavors: r-release-macos-arm64, r-release-macos-x86_64, r-oldrel-macos-arm64, r-oldrel-macos-x86_64