Last updated on 2022-08-15 08:50:01 CEST.
Flavor | Version | Tinstall | Tcheck | Ttotal | Status | Flags |
---|---|---|---|---|---|---|
r-devel-linux-x86_64-debian-clang | 1.1.0 | 44.47 | 156.89 | 201.36 | OK | |
r-devel-linux-x86_64-debian-gcc | 1.1.0 | 38.75 | 115.21 | 153.96 | OK | |
r-devel-linux-x86_64-fedora-clang | 1.1.0 | 254.40 | OK | |||
r-devel-linux-x86_64-fedora-gcc | 1.1.0 | 259.30 | OK | |||
r-devel-windows-x86_64 | 1.1.0 | 287.00 | 188.00 | 475.00 | OK | |
r-patched-linux-x86_64 | 1.1.0 | 51.24 | 140.90 | 192.14 | OK | |
r-release-linux-x86_64 | 1.1.0 | 39.55 | 144.79 | 184.34 | OK | |
r-release-macos-arm64 | 1.1.0 | 54.00 | NOTE | |||
r-release-macos-x86_64 | 1.1.0 | 86.00 | OK | |||
r-release-windows-x86_64 | 1.1.0 | 204.00 | 189.00 | 393.00 | OK | |
r-oldrel-macos-arm64 | 1.1.0 | 52.00 | OK | |||
r-oldrel-macos-x86_64 | 1.1.0 | 84.00 | OK | |||
r-oldrel-windows-ix86+x86_64 | 1.1.0 | 79.00 | 177.00 | 256.00 | OK |
Version: 1.1.0
Check: package dependencies
Result: NOTE
Package suggested but not available for checking: ‘rhdf5’
Flavor: r-release-macos-arm64