Last updated on 2022-08-15 08:50:02 CEST.
Flavor | Version | Tinstall | Tcheck | Ttotal | Status | Flags |
---|---|---|---|---|---|---|
r-devel-linux-x86_64-debian-clang | 1.46.0 | 16.34 | 185.79 | 202.13 | NOTE | |
r-devel-linux-x86_64-debian-gcc | 1.46.0 | 15.58 | 138.83 | 154.41 | NOTE | |
r-devel-linux-x86_64-fedora-clang | 1.46.0 | 267.48 | NOTE | |||
r-devel-linux-x86_64-fedora-gcc | 1.46.0 | 269.43 | NOTE | |||
r-devel-windows-x86_64 | 1.46.0 | 62.00 | 209.00 | 271.00 | OK | |
r-patched-linux-x86_64 | 1.46.0 | 20.37 | 177.25 | 197.62 | OK | |
r-release-linux-x86_64 | 1.46.0 | 16.08 | 176.50 | 192.58 | OK | |
r-release-macos-arm64 | 1.46.0 | 67.00 | OK | |||
r-release-macos-x86_64 | 1.46.0 | 99.00 | OK | |||
r-release-windows-x86_64 | 1.46.0 | 76.00 | 221.00 | 297.00 | OK | |
r-oldrel-macos-arm64 | 1.46.0 | 69.00 | OK | |||
r-oldrel-macos-x86_64 | 1.46.0 | 95.00 | OK | |||
r-oldrel-windows-ix86+x86_64 | 1.46.0 | 34.00 | 214.00 | 248.00 | OK |
Version: 1.46.0
Check: HTML version of manual
Result: NOTE
Found the following math rendering problems:
r.squaredLR.Rd:82: Unknown accent ' <U+0305>' in R<U+0305>² = R² / max(R²...
std.coef.Rd:61: Undefined control sequence: \var in ...^{*}=s_{X_{i}} \var{VIF}(X_i)^{-0....
Flavor: r-devel-linux-x86_64-debian-clang
Version: 1.46.0
Check: HTML version of manual
Result: NOTE
Found the following math rendering problems:
r.squaredLR.Rd:82: Unknown accent ' ̅' in R̅² = R² / max(R²...
std.coef.Rd:61: Undefined control sequence: \var in ...^{*}=s_{X_{i}} \var{VIF}(X_i)^{-0....
Flavors: r-devel-linux-x86_64-debian-gcc, r-devel-linux-x86_64-fedora-clang, r-devel-linux-x86_64-fedora-gcc
Version: 1.46.0
Check: Rd cross-references
Result: NOTE
Undeclared packages ‘AICcmodavg’, ‘bbmle’, ‘glmulti’, ‘arm’, ‘performance’, ‘wgeesel’, ‘ape’, ‘bestglm’, ‘leaps’, ‘glmmTMB’, ‘brglm’, ‘quantreg’, ‘maxlike’, ‘RMark’ in Rd xrefs
Flavor: r-devel-linux-x86_64-fedora-clang