Last updated on 2022-08-15 08:50:02 CEST.
Flavor | Version | Tinstall | Tcheck | Ttotal | Status | Flags |
---|---|---|---|---|---|---|
r-devel-linux-x86_64-debian-clang | 1.3.30 | 41.72 | 280.77 | 322.49 | NOTE | |
r-devel-linux-x86_64-debian-gcc | 1.3.30 | 35.24 | 204.16 | 239.40 | NOTE | |
r-devel-linux-x86_64-fedora-clang | 1.3.30 | 391.02 | NOTE | |||
r-devel-linux-x86_64-fedora-gcc | 1.3.30 | 414.01 | NOTE | |||
r-devel-windows-x86_64 | 1.3.30 | 242.00 | 312.00 | 554.00 | NOTE | |
r-patched-linux-x86_64 | 1.3.30 | 44.18 | 260.11 | 304.29 | OK | |
r-release-linux-x86_64 | 1.3.30 | 34.48 | 263.37 | 297.85 | OK | |
r-release-macos-arm64 | 1.3.30 | 86.00 | NOTE | |||
r-release-macos-x86_64 | 1.3.30 | 157.00 | NOTE | |||
r-release-windows-x86_64 | 1.3.30 | 284.00 | 335.00 | 619.00 | OK | |
r-oldrel-macos-arm64 | 1.3.30 | 106.00 | NOTE | |||
r-oldrel-macos-x86_64 | 1.3.30 | 164.00 | NOTE | |||
r-oldrel-windows-ix86+x86_64 | 1.3.30 | 78.00 | 319.00 | 397.00 | OK |
Version: 1.3.30
Check: Rd files
Result: NOTE
checkRd: (-1) MultBiplotR-package.Rd:50: Escaped LaTeX specials: \&
checkRd: (-1) MultBiplotR-package.Rd:52: Escaped LaTeX specials: \&
Flavors: r-devel-linux-x86_64-debian-clang, r-devel-linux-x86_64-debian-gcc, r-devel-linux-x86_64-fedora-clang, r-devel-linux-x86_64-fedora-gcc, r-devel-windows-x86_64
Version: 1.3.30
Check: dependencies in R code
Result: NOTE
Namespace in Imports field not imported from: ‘polycor’
All declared Imports should be used.
Flavors: r-devel-linux-x86_64-fedora-clang, r-devel-linux-x86_64-fedora-gcc, r-release-macos-arm64, r-release-macos-x86_64, r-oldrel-macos-arm64, r-oldrel-macos-x86_64