Last updated on 2022-08-15 08:50:02 CEST.
Flavor | Version | Tinstall | Tcheck | Ttotal | Status | Flags |
---|---|---|---|---|---|---|
r-devel-linux-x86_64-debian-clang | 0.6.2 | 6.36 | 89.56 | 95.92 | OK | |
r-devel-linux-x86_64-debian-gcc | 0.6.2 | 5.33 | 64.81 | 70.14 | OK | |
r-devel-linux-x86_64-fedora-clang | 0.6.2 | 122.49 | NOTE | |||
r-devel-linux-x86_64-fedora-gcc | 0.6.2 | 125.61 | NOTE | |||
r-devel-windows-x86_64 | 0.6.2 | 32.00 | 121.00 | 153.00 | OK | |
r-patched-linux-x86_64 | 0.6.2 | 6.48 | 83.19 | 89.67 | OK | |
r-release-linux-x86_64 | 0.6.2 | 6.01 | 83.90 | 89.91 | OK | |
r-release-macos-arm64 | 0.6.2 | 36.00 | NOTE | |||
r-release-macos-x86_64 | 0.6.2 | 73.00 | NOTE | |||
r-release-windows-x86_64 | 0.6.2 | 21.00 | 121.00 | 142.00 | OK | |
r-oldrel-macos-arm64 | 0.6.2 | 51.00 | NOTE | |||
r-oldrel-macos-x86_64 | 0.6.2 | 55.00 | NOTE | |||
r-oldrel-windows-ix86+x86_64 | 0.6.2 | 16.00 | 124.00 | 140.00 | OK |
Version: 0.6.2
Check: dependencies in R code
Result: NOTE
Namespaces in Imports field not imported from:
‘poweRlaw’ ‘rmutil’
All declared Imports should be used.
Flavors: r-devel-linux-x86_64-fedora-clang, r-devel-linux-x86_64-fedora-gcc, r-release-macos-arm64, r-release-macos-x86_64, r-oldrel-macos-arm64, r-oldrel-macos-x86_64