Last updated on 2022-08-15 08:50:02 CEST.
Flavor | Version | Tinstall | Tcheck | Ttotal | Status | Flags |
---|---|---|---|---|---|---|
r-devel-linux-x86_64-debian-clang | 0.2.0 | 110.98 | 148.12 | 259.10 | OK | |
r-devel-linux-x86_64-debian-gcc | 0.2.0 | 84.77 | 111.28 | 196.05 | OK | |
r-devel-linux-x86_64-fedora-clang | 0.2.0 | 347.98 | NOTE | |||
r-devel-linux-x86_64-fedora-gcc | 0.2.0 | 353.35 | NOTE | |||
r-devel-windows-x86_64 | 0.2.0 | 147.00 | 175.00 | 322.00 | OK | |
r-patched-linux-x86_64 | 0.2.0 | 85.05 | 158.43 | 243.48 | OK | |
r-release-linux-x86_64 | 0.2.0 | 91.28 | 158.41 | 249.69 | OK | |
r-release-macos-arm64 | 0.2.0 | 71.00 | NOTE | |||
r-release-macos-x86_64 | 0.2.0 | 96.00 | NOTE | |||
r-release-windows-x86_64 | 0.2.0 | 91.00 | 174.00 | 265.00 | OK | |
r-oldrel-macos-arm64 | 0.2.0 | 102.00 | NOTE | |||
r-oldrel-macos-x86_64 | 0.2.0 | 155.00 | NOTE | |||
r-oldrel-windows-ix86+x86_64 | 0.2.0 | 271.00 | 185.00 | 456.00 | OK |
Version: 0.2.0
Check: compiled code
Result: NOTE
File ‘MultiBD/libs/MultiBD.so’:
Found no calls to: ‘R_registerRoutines’, ‘R_useDynamicSymbols’
It is good practice to register native routines and to disable symbol
search.
See ‘Writing portable packages’ in the ‘Writing R Extensions’ manual.
Flavors: r-devel-linux-x86_64-fedora-clang, r-devel-linux-x86_64-fedora-gcc
Version: 0.2.0
Check: installed package size
Result: NOTE
installed size is 6.4Mb
sub-directories of 1Mb or more:
libs 4.8Mb
Flavors: r-release-macos-arm64, r-release-macos-x86_64, r-oldrel-macos-arm64, r-oldrel-macos-x86_64