Last updated on 2022-08-15 08:50:02 CEST.
Flavor | Version | Tinstall | Tcheck | Ttotal | Status | Flags |
---|---|---|---|---|---|---|
r-devel-linux-x86_64-debian-clang | 2.0.3 | 18.92 | 150.61 | 169.53 | NOTE | |
r-devel-linux-x86_64-debian-gcc | 2.0.3 | 15.98 | 110.68 | 126.66 | NOTE | |
r-devel-linux-x86_64-fedora-clang | 2.0.3 | 209.60 | NOTE | |||
r-devel-linux-x86_64-fedora-gcc | 2.0.3 | 219.27 | NOTE | |||
r-devel-windows-x86_64 | 2.0.3 | 52.00 | 168.00 | 220.00 | NOTE | |
r-patched-linux-x86_64 | 2.0.3 | 19.46 | 141.83 | 161.29 | OK | |
r-release-linux-x86_64 | 2.0.3 | 15.44 | 142.13 | 157.57 | OK | |
r-release-macos-arm64 | 2.0.3 | 60.00 | OK | |||
r-release-macos-x86_64 | 2.0.3 | 99.00 | OK | |||
r-release-windows-x86_64 | 2.0.3 | 113.00 | 170.00 | 283.00 | OK | |
r-oldrel-macos-arm64 | 2.0.3 | 59.00 | OK | |||
r-oldrel-macos-x86_64 | 2.0.3 | 117.00 | OK | |||
r-oldrel-windows-ix86+x86_64 | 2.0.3 | 41.00 | 163.00 | 204.00 | OK |
Version: 2.0.3
Check: Rd files
Result: NOTE
checkRd: (-1) mPhen.defineOptions.Rd:4: Escaped LaTeX specials: \$
Flavors: r-devel-linux-x86_64-debian-clang, r-devel-linux-x86_64-debian-gcc, r-devel-linux-x86_64-fedora-clang, r-devel-linux-x86_64-fedora-gcc, r-devel-windows-x86_64