Last updated on 2022-08-15 08:50:02 CEST.
Flavor | Version | Tinstall | Tcheck | Ttotal | Status | Flags |
---|---|---|---|---|---|---|
r-devel-linux-x86_64-debian-clang | 1.1.3 | 6.44 | 75.97 | 82.41 | OK | |
r-devel-linux-x86_64-debian-gcc | 1.1.3 | 6.78 | 58.56 | 65.34 | OK | |
r-devel-linux-x86_64-fedora-clang | 1.1.3 | 112.57 | NOTE | |||
r-devel-linux-x86_64-fedora-gcc | 1.1.3 | 115.76 | NOTE | |||
r-devel-windows-x86_64 | 1.1.3 | 16.00 | 101.00 | 117.00 | OK | |
r-patched-linux-x86_64 | 1.1.3 | 8.05 | 73.30 | 81.35 | OK | |
r-release-linux-x86_64 | 1.1.3 | 8.51 | 72.25 | 80.76 | OK | |
r-release-macos-arm64 | 1.1.3 | 31.00 | NOTE | |||
r-release-macos-x86_64 | 1.1.3 | 47.00 | NOTE | |||
r-release-windows-x86_64 | 1.1.3 | 33.00 | 101.00 | 134.00 | OK | |
r-oldrel-macos-arm64 | 1.1.3 | 40.00 | NOTE | |||
r-oldrel-macos-x86_64 | 1.1.3 | 59.00 | NOTE | |||
r-oldrel-windows-ix86+x86_64 | 1.1.3 | 18.00 | 93.00 | 111.00 | OK |
Version: 1.1.3
Check: data for non-ASCII characters
Result: NOTE
Note: found 6 marked UTF-8 strings
Flavors: r-devel-linux-x86_64-fedora-clang, r-devel-linux-x86_64-fedora-gcc, r-release-macos-arm64, r-release-macos-x86_64, r-oldrel-macos-arm64, r-oldrel-macos-x86_64