Last updated on 2022-08-15 08:50:02 CEST.
Flavor | Version | Tinstall | Tcheck | Ttotal | Status | Flags |
---|---|---|---|---|---|---|
r-devel-linux-x86_64-debian-clang | 1.0.1 | 88.75 | 70.09 | 158.84 | NOTE | |
r-devel-linux-x86_64-debian-gcc | 1.0.1 | 73.82 | 53.00 | 126.82 | NOTE | |
r-devel-windows-x86_64 | 1.0.1 | 83.00 | 112.00 | 195.00 | NOTE | |
r-patched-linux-x86_64 | 1.0.1 | 79.03 | 66.32 | 145.35 | NOTE | |
r-release-linux-x86_64 | 1.0.1 | 89.58 | 67.95 | 157.53 | NOTE | |
r-release-macos-arm64 | 1.0.1 | 58.00 | NOTE | |||
r-release-macos-x86_64 | 1.0.1 | 75.00 | NOTE | |||
r-release-windows-x86_64 | 1.0.1 | 132.00 | 115.00 | 247.00 | NOTE | |
r-oldrel-macos-arm64 | 1.0.1 | 43.00 | NOTE | |||
r-oldrel-macos-x86_64 | 1.0.1 | 74.00 | NOTE | |||
r-oldrel-windows-ix86+x86_64 | 1.0.1 | 226.00 | 130.00 | 356.00 | NOTE |
Version: 1.0.1
Check: for GNU extensions in Makefiles
Result: NOTE
GNU make is a SystemRequirements.
Flavors: r-devel-linux-x86_64-debian-clang, r-devel-linux-x86_64-debian-gcc, r-devel-windows-x86_64, r-patched-linux-x86_64, r-release-linux-x86_64, r-release-macos-arm64, r-release-macos-x86_64, r-release-windows-x86_64, r-oldrel-macos-arm64, r-oldrel-macos-x86_64, r-oldrel-windows-ix86+x86_64
Version: 1.0.1
Check: installed package size
Result: NOTE
installed size is 5.9Mb
sub-directories of 1Mb or more:
libs 5.8Mb
Flavors: r-release-macos-arm64, r-release-macos-x86_64, r-oldrel-macos-arm64, r-oldrel-macos-x86_64