Last updated on 2022-08-15 08:50:02 CEST.
Flavor | Version | Tinstall | Tcheck | Ttotal | Status | Flags |
---|---|---|---|---|---|---|
r-devel-linux-x86_64-debian-clang | 1.7.3 | 50.61 | 83.23 | 133.84 | OK | |
r-devel-linux-x86_64-debian-gcc | 1.7.3 | 40.37 | 62.78 | 103.15 | OK | |
r-devel-linux-x86_64-fedora-clang | 1.7.3 | 181.45 | OK | |||
r-devel-linux-x86_64-fedora-gcc | 1.7.3 | 181.99 | OK | |||
r-devel-windows-x86_64 | 1.7.3 | 48.00 | 120.00 | 168.00 | OK | |
r-patched-linux-x86_64 | 1.7.3 | 41.02 | 80.20 | 121.22 | OK | |
r-release-linux-x86_64 | 1.7.3 | 41.67 | 79.21 | 120.88 | OK | |
r-release-macos-arm64 | 1.7.3 | 40.00 | NOTE | |||
r-release-macos-x86_64 | 1.7.3 | 64.00 | NOTE | |||
r-release-windows-x86_64 | 1.7.3 | 49.00 | 121.00 | 170.00 | OK | |
r-oldrel-macos-arm64 | 1.7.3 | 53.00 | NOTE | |||
r-oldrel-macos-x86_64 | 1.7.3 | 98.00 | NOTE | |||
r-oldrel-windows-ix86+x86_64 | 1.7.3 | 97.00 | 136.00 | 233.00 | OK |
Version: 1.7.3
Check: installed package size
Result: NOTE
installed size is 6.5Mb
sub-directories of 1Mb or more:
libs 4.3Mb
Flavors: r-release-macos-arm64, r-release-macos-x86_64, r-oldrel-macos-arm64, r-oldrel-macos-x86_64