Last updated on 2022-08-15 08:50:02 CEST.
Flavor | Version | Tinstall | Tcheck | Ttotal | Status | Flags |
---|---|---|---|---|---|---|
r-devel-linux-x86_64-debian-clang | 1.0.1 | 9.14 | 68.86 | 78.00 | OK | |
r-devel-linux-x86_64-debian-gcc | 1.0.1 | 6.97 | 52.15 | 59.12 | OK | |
r-devel-linux-x86_64-fedora-clang | 1.0.1 | 109.23 | NOTE | |||
r-devel-linux-x86_64-fedora-gcc | 1.0.1 | 113.17 | NOTE | |||
r-devel-windows-x86_64 | 1.0.1 | 31.00 | 97.00 | 128.00 | OK | |
r-patched-linux-x86_64 | 1.0.1 | 6.66 | 64.51 | 71.17 | OK | |
r-release-linux-x86_64 | 1.0.1 | 8.15 | 65.57 | 73.72 | OK | |
r-release-macos-arm64 | 1.0.1 | 34.00 | NOTE | |||
r-release-macos-x86_64 | 1.0.1 | 58.00 | NOTE | |||
r-release-windows-x86_64 | 1.0.1 | 22.00 | 98.00 | 120.00 | OK | |
r-oldrel-macos-arm64 | 1.0.1 | 29.00 | NOTE | |||
r-oldrel-macos-x86_64 | 1.0.1 | 46.00 | NOTE | |||
r-oldrel-windows-ix86+x86_64 | 1.0.1 | 21.00 | 87.00 | 108.00 | OK |
Version: 1.0.1
Check: package dependencies
Result: NOTE
Package suggested but not available for checking: ‘sSeq’
Flavors: r-devel-linux-x86_64-fedora-clang, r-devel-linux-x86_64-fedora-gcc, r-release-macos-arm64, r-release-macos-x86_64, r-oldrel-macos-arm64, r-oldrel-macos-x86_64
Version: 1.0.1
Check: Rd cross-references
Result: NOTE
Package unavailable to check Rd xrefs: ‘sSeq’
Flavors: r-devel-linux-x86_64-fedora-clang, r-devel-linux-x86_64-fedora-gcc, r-release-macos-arm64, r-release-macos-x86_64, r-oldrel-macos-arm64, r-oldrel-macos-x86_64