Last updated on 2022-08-15 08:50:02 CEST.
Flavor | Version | Tinstall | Tcheck | Ttotal | Status | Flags |
---|---|---|---|---|---|---|
r-devel-linux-x86_64-debian-clang | 1.0.1 | 8.93 | 80.57 | 89.50 | NOTE | |
r-devel-linux-x86_64-debian-gcc | 1.0.1 | 7.02 | 63.12 | 70.14 | NOTE | |
r-devel-linux-x86_64-fedora-clang | 1.0.1 | 121.06 | NOTE | |||
r-devel-linux-x86_64-fedora-gcc | 1.0.1 | 124.22 | NOTE | |||
r-devel-windows-x86_64 | 1.0.1 | 15.00 | 100.00 | 115.00 | NOTE | |
r-patched-linux-x86_64 | 1.0.1 | 7.32 | 80.58 | 87.90 | NOTE | |
r-release-linux-x86_64 | 1.0.1 | 8.18 | 80.30 | 88.48 | NOTE | |
r-release-macos-arm64 | 1.0.1 | 34.00 | NOTE | |||
r-release-macos-x86_64 | 1.0.1 | 47.00 | NOTE | |||
r-release-windows-x86_64 | 1.0.1 | 16.00 | 106.00 | 122.00 | NOTE | |
r-oldrel-macos-arm64 | 1.0.1 | 41.00 | NOTE | |||
r-oldrel-macos-x86_64 | 1.0.1 | 66.00 | NOTE | |||
r-oldrel-windows-ix86+x86_64 | 1.0.1 | 20.00 | 97.00 | 117.00 | NOTE |
Version: 1.0.1
Check: LazyData
Result: NOTE
'LazyData' is specified without a 'data' directory
Flavors: r-devel-linux-x86_64-debian-clang, r-devel-linux-x86_64-debian-gcc, r-devel-linux-x86_64-fedora-clang, r-devel-linux-x86_64-fedora-gcc, r-devel-windows-x86_64, r-patched-linux-x86_64, r-release-linux-x86_64, r-release-macos-arm64, r-release-macos-x86_64, r-release-windows-x86_64, r-oldrel-macos-arm64, r-oldrel-macos-x86_64, r-oldrel-windows-ix86+x86_64